CRAN Package Check Results for Package fstcore

Last updated on 2024-06-24 00:50:09 CEST.

Flavor Version Tinstall Tcheck Ttotal Status Flags
r-devel-linux-x86_64-debian-clang 0.9.18 90.66 32.20 122.86 NOTE
r-devel-linux-x86_64-debian-gcc 0.9.18 53.17 25.07 78.24 NOTE
r-devel-linux-x86_64-fedora-clang 0.9.18 223.23 NOTE
r-devel-linux-x86_64-fedora-gcc 0.9.18 182.28 NOTE
r-devel-windows-x86_64 0.9.18 121.00 68.00 189.00 NOTE
r-patched-linux-x86_64 0.9.18 71.23 31.97 103.20 OK
r-release-linux-x86_64 0.9.18 74.24 31.39 105.63 OK
r-release-macos-arm64 0.9.18 41.00 OK
r-release-macos-x86_64 0.9.18 45.00 OK
r-release-windows-x86_64 0.9.18 124.00 71.00 195.00 OK
r-oldrel-macos-arm64 0.9.18 59.00 OK
r-oldrel-macos-x86_64 0.9.18 64.00 OK
r-oldrel-windows-x86_64 0.9.18 136.00 78.00 214.00 OK

Check Details

Version: 0.9.18
Check: compiled code
Result: NOTE File ‘fstcore/libs/fstcore.so’: Found non-API call to R: ‘SET_S4_OBJECT’ Compiled code should not call non-API entry points in R. See ‘Writing portable packages’ in the ‘Writing R Extensions’ manual. Flavors: r-devel-linux-x86_64-debian-clang, r-devel-linux-x86_64-fedora-clang, r-devel-linux-x86_64-fedora-gcc

Version: 0.9.18
Check: compiled code
Result: NOTE File ‘fstcore/libs/fstcore.so’: Found non-API calls to R: ‘Rf_NonNullStringMatch’, ‘SET_S4_OBJECT’ Compiled code should not call non-API entry points in R. See ‘Writing portable packages’ in the ‘Writing R Extensions’ manual. Flavor: r-devel-linux-x86_64-debian-gcc

Version: 0.9.18
Check: compiled code
Result: NOTE File 'fstcore/libs/x64/fstcore.dll': Found non-API calls to R: 'Rf_NonNullStringMatch', 'SET_S4_OBJECT' Compiled code should not call non-API entry points in R. See 'Writing portable packages' in the 'Writing R Extensions' manual. Flavor: r-devel-windows-x86_64