Last updated on 2023-01-28 23:51:37 CET.
Flavor | Version | Tinstall | Tcheck | Ttotal | Status | Flags |
---|---|---|---|---|---|---|
r-devel-linux-x86_64-debian-clang | 0.2.4 | 81.98 | 82.71 | 164.69 | NOTE | |
r-devel-linux-x86_64-debian-gcc | 0.2.4 | 76.86 | 52.98 | 129.84 | NOTE | |
r-devel-linux-x86_64-fedora-clang | 0.2.4 | 249.38 | NOTE | |||
r-devel-linux-x86_64-fedora-gcc | 0.2.4 | 221.19 | NOTE | |||
r-devel-windows-x86_64 | 0.2.4 | 89.00 | 128.00 | 217.00 | NOTE | |
r-patched-linux-x86_64 | 0.2.4 | 84.96 | 69.20 | 154.16 | NOTE | |
r-release-linux-x86_64 | 0.2.4 | 77.46 | 69.42 | 146.88 | NOTE | |
r-release-macos-arm64 | 0.2.4 | 55.00 | NOTE | |||
r-release-macos-x86_64 | 0.2.4 | 71.00 | NOTE | |||
r-release-windows-x86_64 | 0.2.4 | 77.00 | 164.00 | 241.00 | NOTE | |
r-oldrel-macos-arm64 | 0.2.4 | 65.00 | NOTE | |||
r-oldrel-macos-x86_64 | 0.2.4 | 92.00 | NOTE | |||
r-oldrel-windows-ix86+x86_64 | 0.2.4 | 233.00 | 161.00 | 394.00 | NOTE |
Version: 0.2.4
Check: LazyData
Result: NOTE
'LazyData' is specified without a 'data' directory
Flavors: r-devel-linux-x86_64-debian-clang, r-devel-linux-x86_64-debian-gcc, r-devel-linux-x86_64-fedora-clang, r-devel-linux-x86_64-fedora-gcc, r-devel-windows-x86_64, r-patched-linux-x86_64, r-release-linux-x86_64, r-release-macos-arm64, r-release-macos-x86_64, r-release-windows-x86_64, r-oldrel-macos-arm64, r-oldrel-macos-x86_64, r-oldrel-windows-ix86+x86_64