CRAN Package Check Results for Package formulops

Last updated on 2022-01-23 23:50:17 CET.

Flavor Version Tinstall Tcheck Ttotal Status Flags
r-devel-linux-x86_64-debian-clang 0.5.0 2.03 30.75 32.78 NOTE
r-devel-linux-x86_64-debian-gcc 0.5.0 1.50 26.66 28.16 NOTE
r-devel-linux-x86_64-fedora-clang 0.5.0 40.78 NOTE
r-devel-linux-x86_64-fedora-gcc 0.5.0 30.21 NOTE
r-devel-windows-x86_64-new-UL 0.5.0 31.00 47.00 78.00 NOTE
r-devel-windows-x86_64-new-TK 0.5.0 NOTE
r-patched-linux-x86_64 0.5.0 1.49 30.56 32.05 NOTE
r-release-linux-x86_64 0.5.0 1.86 29.90 31.76 NOTE
r-release-macos-arm64 0.5.0 NOTE
r-release-macos-x86_64 0.5.0 NOTE
r-release-windows-ix86+x86_64 0.5.0 5.00 38.00 43.00 NOTE
r-oldrel-macos-x86_64 0.5.0 OK
r-oldrel-windows-ix86+x86_64 0.5.0 7.00 41.00 48.00 OK

Check Details

Version: 0.5.0
Check: LazyData
Result: NOTE
     'LazyData' is specified without a 'data' directory
Flavors: r-devel-linux-x86_64-debian-clang, r-devel-linux-x86_64-debian-gcc, r-devel-linux-x86_64-fedora-clang, r-devel-linux-x86_64-fedora-gcc, r-devel-windows-x86_64-new-UL, r-devel-windows-x86_64-new-TK, r-patched-linux-x86_64, r-release-linux-x86_64, r-release-macos-arm64, r-release-macos-x86_64, r-release-windows-ix86+x86_64