CRAN Package Check Results for Package formattable

Last updated on 2023-10-03 01:04:51 CEST.

Flavor Version Tinstall Tcheck Ttotal Status Flags
r-devel-linux-x86_64-debian-clang 0.2.1 3.80 50.16 53.96 NOTE
r-devel-linux-x86_64-debian-gcc 0.2.1 3.47 38.86 42.33 NOTE
r-devel-linux-x86_64-fedora-clang 0.2.1 68.22 NOTE
r-devel-linux-x86_64-fedora-gcc 0.2.1 77.58 NOTE
r-devel-windows-x86_64 0.2.1 6.00 66.00 72.00 NOTE
r-patched-linux-x86_64 0.2.1 4.75 48.97 53.72 NOTE
r-release-linux-x86_64 0.2.1 4.56 49.51 54.07 NOTE
r-release-macos-arm64 0.2.1 34.00 NOTE
r-release-macos-x86_64 0.2.1 51.00 NOTE
r-release-windows-x86_64 0.2.1 7.00 72.00 79.00 NOTE
r-oldrel-macos-arm64 0.2.1 26.00 NOTE
r-oldrel-macos-x86_64 0.2.1 37.00 NOTE
r-oldrel-windows-x86_64 0.2.1 7.00 72.00 79.00 NOTE

Check Details

Version: 0.2.1
Check: LazyData
Result: NOTE
     'LazyData' is specified without a 'data' directory
Flavors: r-devel-linux-x86_64-debian-clang, r-devel-linux-x86_64-debian-gcc, r-devel-linux-x86_64-fedora-clang, r-devel-linux-x86_64-fedora-gcc, r-devel-windows-x86_64, r-patched-linux-x86_64, r-release-linux-x86_64, r-release-macos-arm64, r-release-macos-x86_64, r-release-windows-x86_64, r-oldrel-macos-arm64, r-oldrel-macos-x86_64, r-oldrel-windows-x86_64