CRAN Package Check Results for Package forge

Last updated on 2022-05-17 23:56:35 CEST.

Flavor Version Tinstall Tcheck Ttotal Status Flags
r-devel-linux-x86_64-debian-clang 0.2.0 2.58 39.32 41.90 NOTE
r-devel-linux-x86_64-debian-gcc 0.2.0 2.14 30.56 32.70 NOTE
r-devel-linux-x86_64-fedora-clang 0.2.0 49.48 NOTE
r-devel-linux-x86_64-fedora-gcc 0.2.0 48.39 NOTE
r-devel-windows-x86_64 0.2.0 14.00 54.00 68.00 NOTE
r-patched-linux-x86_64 0.2.0 2.24 38.23 40.47 NOTE
r-release-linux-x86_64 0.2.0 2.74 38.22 40.96 NOTE
r-release-macos-arm64 0.2.0 17.00 NOTE
r-release-macos-x86_64 0.2.0 27.00 NOTE
r-release-windows-x86_64 0.2.0 15.00 54.00 69.00 NOTE
r-oldrel-macos-arm64 0.2.0 19.00 NOTE
r-oldrel-macos-x86_64 0.2.0 29.00 NOTE
r-oldrel-windows-ix86+x86_64 0.2.0 8.00 47.00 55.00 NOTE

Check Details

Version: 0.2.0
Check: LazyData
Result: NOTE
     'LazyData' is specified without a 'data' directory
Flavors: r-devel-linux-x86_64-debian-clang, r-devel-linux-x86_64-debian-gcc, r-devel-linux-x86_64-fedora-clang, r-devel-linux-x86_64-fedora-gcc, r-devel-windows-x86_64, r-patched-linux-x86_64, r-release-linux-x86_64, r-release-macos-arm64, r-release-macos-x86_64, r-release-windows-x86_64, r-oldrel-macos-arm64, r-oldrel-macos-x86_64, r-oldrel-windows-ix86+x86_64