Last updated on 2023-09-21 00:56:31 CEST.
Flavor | Version | Tinstall | Tcheck | Ttotal | Status | Flags |
---|---|---|---|---|---|---|
r-devel-linux-x86_64-debian-clang | 0.6.2 | 6.73 | 60.46 | 67.19 | NOTE | |
r-devel-linux-x86_64-debian-gcc | 0.6.2 | 4.99 | 44.36 | 49.35 | NOTE | |
r-devel-linux-x86_64-fedora-clang | 0.6.2 | 85.64 | NOTE | |||
r-devel-linux-x86_64-fedora-gcc | 0.6.2 | 76.99 | NOTE | |||
r-devel-windows-x86_64 | 0.6.2 | 7.00 | 64.00 | 71.00 | NOTE | |
r-patched-linux-x86_64 | 0.6.2 | 5.78 | 57.24 | 63.02 | NOTE | |
r-release-linux-x86_64 | 0.6.2 | 4.46 | 56.49 | 60.95 | NOTE | |
r-release-macos-arm64 | 0.6.2 | 27.00 | NOTE | |||
r-release-macos-x86_64 | 0.6.2 | 37.00 | NOTE | |||
r-release-windows-x86_64 | 0.6.2 | 9.00 | 69.00 | 78.00 | NOTE | |
r-oldrel-macos-arm64 | 0.6.2 | 24.00 | NOTE | |||
r-oldrel-macos-x86_64 | 0.6.2 | 51.00 | NOTE | |||
r-oldrel-windows-x86_64 | 0.6.2 | 9.00 | 74.00 | 83.00 | NOTE |
Version: 0.6.2
Check: LazyData
Result: NOTE
'LazyData' is specified without a 'data' directory
Flavors: r-devel-linux-x86_64-debian-clang, r-devel-linux-x86_64-debian-gcc, r-devel-linux-x86_64-fedora-clang, r-devel-linux-x86_64-fedora-gcc, r-devel-windows-x86_64, r-patched-linux-x86_64, r-release-linux-x86_64, r-release-macos-arm64, r-release-macos-x86_64, r-release-windows-x86_64, r-oldrel-macos-arm64, r-oldrel-macos-x86_64, r-oldrel-windows-x86_64