CRAN Package Check Results for Package foreach

Last updated on 2021-09-16 23:49:55 CEST.

Flavor Version Tinstall Tcheck Ttotal Status Flags
r-devel-linux-x86_64-debian-clang 1.5.1 2.96 53.37 56.33 OK
r-devel-linux-x86_64-debian-gcc 1.5.1 2.32 40.83 43.15 OK
r-devel-linux-x86_64-fedora-clang 1.5.1 75.16 OK
r-devel-linux-x86_64-fedora-gcc 1.5.1 64.22 OK
r-devel-windows-x86_64 1.5.1 4.00 159.00 163.00 NOTE
r-devel-windows-x86_64-gcc10-UCRT 1.5.1 NOTE
r-patched-linux-x86_64 1.5.1 2.82 51.96 54.78 OK
r-patched-solaris-x86 1.5.1 100.50 OK
r-release-linux-x86_64 1.5.1 2.74 52.25 54.99 OK
r-release-macos-arm64 1.5.1 OK
r-release-macos-x86_64 1.5.1 OK
r-release-windows-ix86+x86_64 1.5.1 7.00 134.00 141.00 NOTE
r-oldrel-macos-x86_64 1.5.1 OK
r-oldrel-windows-ix86+x86_64 1.5.1 6.00 145.00 151.00 NOTE

Check Details

Version: 1.5.1
Check: package dependencies
Result: NOTE
    Package suggested but not available for checking: 'doMC'
Flavors: r-devel-windows-x86_64, r-devel-windows-x86_64-gcc10-UCRT, r-release-windows-ix86+x86_64, r-oldrel-windows-ix86+x86_64