Last updated on 2023-01-30 23:56:17 CET.
Flavor | Version | Tinstall | Tcheck | Ttotal | Status | Flags |
---|---|---|---|---|---|---|
r-devel-linux-x86_64-debian-clang | 1.9.6 | 18.56 | 130.13 | 148.69 | NOTE | |
r-devel-linux-x86_64-debian-gcc | 1.9.6 | 17.73 | 96.53 | 114.26 | NOTE | |
r-devel-linux-x86_64-fedora-clang | 1.9.6 | 190.91 | NOTE | |||
r-devel-linux-x86_64-fedora-gcc | 1.9.6 | 186.73 | NOTE | |||
r-devel-windows-x86_64 | 1.9.6 | 55.00 | 167.00 | 222.00 | NOTE | |
r-patched-linux-x86_64 | 1.9.6 | 22.63 | 124.90 | 147.53 | OK | |
r-release-linux-x86_64 | 1.9.6 | 21.16 | 123.77 | 144.93 | OK | |
r-release-macos-arm64 | 1.9.6 | 47.00 | OK | |||
r-release-macos-x86_64 | 1.9.6 | 69.00 | OK | |||
r-release-windows-x86_64 | 1.9.6 | 44.00 | 166.00 | 210.00 | OK | |
r-oldrel-macos-arm64 | 1.9.6 | 55.00 | OK | |||
r-oldrel-macos-x86_64 | 1.9.6 | 97.00 | OK | |||
r-oldrel-windows-ix86+x86_64 | 1.9.6 | 46.00 | 172.00 | 218.00 | OK |
Version: 1.9.6
Check: Rd files
Result: NOTE
checkRd: (-1) write.AFNI.Rd:16: Escaped LaTeX specials: \_
checkRd: (-1) write.AFNI.Rd:17: Escaped LaTeX specials: \_
checkRd: (-1) write.AFNI.Rd:20: Escaped LaTeX specials: \_
checkRd: (-1) write.AFNI.Rd:22: Escaped LaTeX specials: \_
Flavors: r-devel-linux-x86_64-debian-clang, r-devel-linux-x86_64-debian-gcc, r-devel-linux-x86_64-fedora-clang, r-devel-linux-x86_64-fedora-gcc, r-devel-windows-x86_64