CRAN Package Check Results for Package fmpcloudr

Last updated on 2022-01-19 23:48:58 CET.

Flavor Version Tinstall Tcheck Ttotal Status Flags
r-devel-linux-x86_64-debian-clang 0.1.5 NOTE
r-devel-linux-x86_64-debian-gcc 0.1.5 2.39 28.98 31.37 NOTE
r-devel-linux-x86_64-fedora-clang 0.1.5 49.45 NOTE
r-devel-linux-x86_64-fedora-gcc 0.1.5 37.84 NOTE
r-devel-windows-x86_64-new-UL 0.1.5 78.00 60.00 138.00 NOTE
r-devel-windows-x86_64-new-TK 0.1.5 NOTE
r-patched-linux-x86_64 0.1.5 3.53 35.50 39.03 NOTE
r-release-linux-x86_64 0.1.5 NOTE
r-release-macos-arm64 0.1.5 NOTE
r-release-macos-x86_64 0.1.5 NOTE
r-release-windows-ix86+x86_64 0.1.5 9.00 43.00 52.00 NOTE
r-oldrel-macos-x86_64 0.1.5 OK
r-oldrel-windows-ix86+x86_64 0.1.5 8.00 48.00 56.00 OK

Check Details

Version: 0.1.5
Check: LazyData
Result: NOTE
     'LazyData' is specified without a 'data' directory
Flavors: r-devel-linux-x86_64-debian-clang, r-devel-linux-x86_64-debian-gcc, r-devel-linux-x86_64-fedora-clang, r-devel-linux-x86_64-fedora-gcc, r-devel-windows-x86_64-new-UL, r-devel-windows-x86_64-new-TK, r-patched-linux-x86_64, r-release-linux-x86_64, r-release-macos-arm64, r-release-macos-x86_64, r-release-windows-ix86+x86_64