CRAN Package Check Results for Package fmdates

Last updated on 2022-01-21 23:48:46 CET.

Flavor Version Tinstall Tcheck Ttotal Status Flags
r-devel-linux-x86_64-debian-clang 0.1.4 5.93 61.12 67.05 NOTE
r-devel-linux-x86_64-debian-gcc 0.1.4 4.07 47.01 51.08 NOTE
r-devel-linux-x86_64-fedora-clang 0.1.4 81.91 NOTE
r-devel-linux-x86_64-fedora-gcc 0.1.4 69.68 NOTE
r-devel-windows-x86_64-new-UL 0.1.4 42.00 82.00 124.00 NOTE
r-devel-windows-x86_64-new-TK 0.1.4 NOTE
r-patched-linux-x86_64 0.1.4 6.89 58.75 65.64 NOTE
r-release-linux-x86_64 0.1.4 4.70 58.46 63.16 NOTE
r-release-macos-arm64 0.1.4 NOTE
r-release-macos-x86_64 0.1.4 NOTE
r-release-windows-ix86+x86_64 0.1.4 12.00 71.00 83.00 NOTE
r-oldrel-macos-x86_64 0.1.4 OK
r-oldrel-windows-ix86+x86_64 0.1.4 11.00 72.00 83.00 OK

Check Details

Version: 0.1.4
Check: LazyData
Result: NOTE
     'LazyData' is specified without a 'data' directory
Flavors: r-devel-linux-x86_64-debian-clang, r-devel-linux-x86_64-debian-gcc, r-devel-linux-x86_64-fedora-clang, r-devel-linux-x86_64-fedora-gcc, r-devel-windows-x86_64-new-UL, r-devel-windows-x86_64-new-TK, r-patched-linux-x86_64, r-release-linux-x86_64, r-release-macos-arm64, r-release-macos-x86_64, r-release-windows-ix86+x86_64