CRAN Package Check Results for Package flying

Last updated on 2022-01-21 23:48:46 CET.

Flavor Version Tinstall Tcheck Ttotal Status Flags
r-devel-linux-x86_64-debian-clang 0.1.3 27.55 68.99 96.54 OK
r-devel-linux-x86_64-debian-gcc 0.1.3 18.77 52.39 71.16 OK
r-devel-linux-x86_64-fedora-clang 0.1.3 127.94 NOTE
r-devel-linux-x86_64-fedora-gcc 0.1.3 105.57 NOTE
r-devel-windows-x86_64-new-UL 0.1.3 41.00 110.00 151.00 OK
r-devel-windows-x86_64-new-TK 0.1.3 NOTE
r-patched-linux-x86_64 0.1.3 21.04 67.81 88.85 OK
r-release-linux-x86_64 0.1.3 22.13 67.88 90.01 OK
r-release-macos-arm64 0.1.3 NOTE
r-release-macos-x86_64 0.1.3 NOTE
r-release-windows-ix86+x86_64 0.1.3 63.00 116.00 179.00 OK
r-oldrel-macos-x86_64 0.1.3 NOTE
r-oldrel-windows-ix86+x86_64 0.1.3 63.00 121.00 184.00 OK

Check Details

Version: 0.1.3
Check: dependencies in R code
Result: NOTE
    Namespaces in Imports field not imported from:
     ‘kableExtra’ ‘knitr’ ‘rmarkdown’
     All declared Imports should be used.
Flavors: r-devel-linux-x86_64-fedora-clang, r-devel-linux-x86_64-fedora-gcc, r-devel-windows-x86_64-new-TK, r-release-macos-arm64, r-release-macos-x86_64, r-oldrel-macos-x86_64