CRAN Package Check Results for Package flipscores

Last updated on 2021-09-19 23:50:06 CEST.

Flavor Version Tinstall Tcheck Ttotal Status Flags
r-devel-linux-x86_64-debian-clang 1.1.0 6.32 54.97 61.29 OK
r-devel-linux-x86_64-debian-gcc 1.1.0 4.94 41.77 46.71 OK
r-devel-linux-x86_64-fedora-clang 1.1.0 79.68 OK
r-devel-linux-x86_64-fedora-gcc 1.1.0 67.24 OK
r-devel-windows-x86_64 1.1.0 9.00 56.00 65.00 OK
r-devel-windows-x86_64-gcc10-UCRT 1.1.0 ERROR
r-patched-linux-x86_64 1.1.0 5.58 51.02 56.60 OK
r-patched-solaris-x86 1.1.0 109.00 OK
r-release-linux-x86_64 1.1.0 5.54 50.60 56.14 OK
r-release-macos-arm64 1.1.0 OK
r-release-macos-x86_64 1.1.0 OK
r-release-windows-ix86+x86_64 1.1.0 16.00 57.00 73.00 OK
r-oldrel-macos-x86_64 1.1.0 OK
r-oldrel-windows-ix86+x86_64 1.1.0 17.00 55.00 72.00 OK

Check Details

Version: 1.1.0
Check: whether package can be installed
Result: WARN
    Found the following significant warnings:
     WARNING: installation-time patches will not be applied, could not get the patches index
Flavor: r-devel-windows-x86_64-gcc10-UCRT

Version: 1.1.0
Check: PDF version of manual
Result: WARN
    LaTeX errors when creating PDF version.
    This typically indicates Rd problems.
Flavor: r-devel-windows-x86_64-gcc10-UCRT

Version: 1.1.0
Check: PDF version of manual without hyperrefs or index
Result: ERROR
    Re-running with no redirection of stdout/stderr.
Flavor: r-devel-windows-x86_64-gcc10-UCRT