CRAN Package Check Results for Package flexsurv

Last updated on 2023-05-29 00:59:33 CEST.

Flavor Version Tinstall Tcheck Ttotal Status Flags
r-devel-linux-x86_64-debian-clang 2.2.2 82.88 427.02 509.90 OK
r-devel-linux-x86_64-debian-gcc 2.2.2 63.59 319.42 383.01 OK
r-devel-linux-x86_64-fedora-clang 2.2.2 649.85 WARN
r-devel-linux-x86_64-fedora-gcc 2.2.2 642.16 OK
r-devel-windows-x86_64 2.2.2 66.00 415.00 481.00 OK
r-patched-linux-x86_64 2.2.2 80.19 409.46 489.65 OK
r-release-linux-x86_64 2.2.2 68.11 410.89 479.00 OK
r-release-macos-arm64 2.2.2 201.00 OK
r-release-macos-x86_64 2.2.2 309.00 NOTE
r-release-windows-x86_64 2.2.2 87.00 501.00 588.00 OK
r-oldrel-macos-arm64 2.2.2 153.00 OK
r-oldrel-macos-x86_64 2.2.2 230.00 OK
r-oldrel-windows-x86_64 2.2.2 80.00 458.00 538.00 OK

Additional issues

M1mac M1mac

Check Details

Version: 2.2.2
Check: whether package can be installed
Result: WARN
    Found the following significant warnings:
     /data/gannet/ripley/R/test-clang/Rcpp/include/Rcpp/sugar/functions/sapply.h:36:26: warning: 'result_of<double (*(double))(double)>' is deprecated [-Wdeprecated-declarations]
    See ‘/data/gannet/ripley/R/packages/tests-clang/flexsurv.Rcheck/00install.out’ for details.
    * used C compiler: ‘clang version 16.0.3’
    * used C++ compiler: ‘clang version 16.0.3’
Flavor: r-devel-linux-x86_64-fedora-clang

Version: 2.2.2
Check: package dependencies
Result: NOTE
    Packages suggested but not available for checking:
     'flexsurvcure', 'survminer'
Flavor: r-release-macos-x86_64

Version: 2.2.2
Check: re-building of vignette outputs
Result: NOTE
    Error(s) in re-building vignettes:
    --- re-building ‘standsurv.Rmd’ using rmarkdown
    Pandoc is required to build R Markdown vignettes but not available. Please make sure it is installed.
    Quitting from lines 85-90 (standsurv.Rmd)
    Error: processing vignette 'standsurv.Rmd' failed with diagnostics:
    there is no package called 'flexsurvcure'
    --- failed re-building ‘standsurv.Rmd’
    
    --- re-building ‘flexsurv.Rnw’ using knitr
    --- finished re-building ‘flexsurv.Rnw’
    
    --- re-building ‘multistate.Rnw’ using knitr
    --- finished re-building ‘multistate.Rnw’
    
    --- re-building ‘distributions.Rnw’ using Sweave
    --- finished re-building ‘distributions.Rnw’
    
    --- re-building ‘flexsurv-examples.Rnw’ using Sweave
    Loading required package: survival
    Forming integrated rmst function...
    Forming integrated mean function...
    Loading required package: TH.data
    Loading required package: MASS
    
    Attaching package: ‘TH.data’
    
    The following object is masked from ‘package:MASS’:
    
     geyser
    
    --- finished re-building ‘flexsurv-examples.Rnw’
    
    SUMMARY: processing the following file failed:
     ‘standsurv.Rmd’
    
    Error: Vignette re-building failed.
    Execution halted
Flavor: r-release-macos-x86_64