CRAN Package Check Results for Package flexdashboard

Last updated on 2021-05-06 23:49:31 CEST.

Flavor Version Tinstall Tcheck Ttotal Status Flags
r-devel-linux-x86_64-debian-clang 0.5.2 2.98 32.86 35.84 NOTE
r-devel-linux-x86_64-debian-gcc 0.5.2 2.46 25.89 28.35 NOTE
r-devel-linux-x86_64-fedora-clang 0.5.2 54.04 NOTE
r-devel-linux-x86_64-fedora-gcc 0.5.2 43.30 NOTE
r-devel-windows-ix86+x86_64 0.5.2 5.00 48.00 53.00 NOTE
r-devel-windows-x86_64-gcc10-UCRT 0.5.2 NOTE
r-patched-linux-x86_64 0.5.2 2.92 32.28 35.20 NOTE
r-patched-solaris-x86 0.5.2 66.80 OK
r-release-linux-x86_64 0.5.2 2.90 31.44 34.34 OK
r-release-macos-x86_64 0.5.2 OK
r-release-windows-ix86+x86_64 0.5.2 7.00 39.00 46.00 OK
r-oldrel-macos-x86_64 0.5.2 OK
r-oldrel-windows-ix86+x86_64 0.5.2 6.00 49.00 55.00 OK

Check Details

Version: 0.5.2
Check: LazyData
Result: NOTE
     'LazyData' is specified without a 'data' directory
Flavors: r-devel-linux-x86_64-debian-clang, r-devel-linux-x86_64-debian-gcc, r-devel-linux-x86_64-fedora-clang, r-devel-linux-x86_64-fedora-gcc, r-devel-windows-ix86+x86_64, r-devel-windows-x86_64-gcc10-UCRT, r-patched-linux-x86_64