CRAN Package Check Results for Package fixerapi

Last updated on 2024-06-19 00:49:28 CEST.

Flavor Version Tinstall Tcheck Ttotal Status Flags
r-devel-linux-x86_64-debian-clang 0.1.6 4.40 49.26 53.66 NOTE
r-devel-linux-x86_64-debian-gcc 0.1.6 4.28 36.67 40.95 NOTE
r-devel-linux-x86_64-fedora-clang 0.1.6 71.34 NOTE
r-devel-linux-x86_64-fedora-gcc 0.1.6 77.17 NOTE
r-devel-windows-x86_64 0.1.6 5.00 58.00 63.00 NOTE
r-patched-linux-x86_64 0.1.6 4.41 47.22 51.63 NOTE
r-release-linux-x86_64 0.1.6 4.58 47.08 51.66 NOTE
r-release-macos-arm64 0.1.6 27.00 NOTE
r-release-macos-x86_64 0.1.6 43.00 NOTE
r-release-windows-x86_64 0.1.6 6.00 58.00 64.00 NOTE
r-oldrel-macos-arm64 0.1.6 32.00 NOTE
r-oldrel-macos-x86_64 0.1.6 43.00 NOTE
r-oldrel-windows-x86_64 0.1.6 6.00 62.00 68.00 NOTE

Check Details

Version: 0.1.6
Check: LazyData
Result: NOTE 'LazyData' is specified without a 'data' directory Flavors: r-devel-linux-x86_64-debian-clang, r-devel-linux-x86_64-debian-gcc, r-devel-linux-x86_64-fedora-clang, r-devel-linux-x86_64-fedora-gcc, r-devel-windows-x86_64, r-patched-linux-x86_64, r-release-linux-x86_64, r-release-macos-arm64, r-release-macos-x86_64, r-release-windows-x86_64, r-oldrel-macos-arm64, r-oldrel-macos-x86_64, r-oldrel-windows-x86_64