CRAN Package Check Results for Package fitlandr

Last updated on 2024-06-18 00:57:26 CEST.

Flavor Version Tinstall Tcheck Ttotal Status Flags
r-devel-linux-x86_64-debian-clang 0.1.0 8.19 61.18 69.37 OK
r-devel-linux-x86_64-debian-gcc 0.1.0 6.39 46.06 52.45 OK
r-devel-linux-x86_64-fedora-clang 0.1.0 89.49 NOTE
r-devel-linux-x86_64-fedora-gcc 0.1.0 81.84 OK
r-devel-windows-x86_64 0.1.0 8.00 64.00 72.00 OK
r-patched-linux-x86_64 0.1.0 6.02 58.65 64.67 OK
r-release-linux-x86_64 0.1.0 5.17 59.58 64.75 OK
r-release-macos-arm64 0.1.0 28.00 OK
r-release-macos-x86_64 0.1.0 43.00 OK
r-release-windows-x86_64 0.1.0 9.00 64.00 73.00 OK
r-oldrel-macos-arm64 0.1.0 29.00 OK
r-oldrel-macos-x86_64 0.1.0 39.00 OK
r-oldrel-windows-x86_64 0.1.0 10.00 74.00 84.00 OK

Check Details

Version: 0.1.0
Check: Rd cross-references
Result: NOTE Undeclared package ‘ks’ in Rd xrefs Flavor: r-devel-linux-x86_64-fedora-clang