CRAN Package Check Results for Package finetune

Last updated on 2024-06-13 00:55:13 CEST.

Flavor Version Tinstall Tcheck Ttotal Status Flags
r-devel-linux-x86_64-debian-clang 1.2.0 18.18 196.99 215.17 OK
r-devel-linux-x86_64-debian-gcc 1.2.0 0.39 1.78 2.17 ERROR
r-devel-linux-x86_64-fedora-clang 1.2.0 277.35 OK
r-devel-linux-x86_64-fedora-gcc 1.2.0 249.77 OK
r-devel-windows-x86_64 1.2.0 16.00 151.00 167.00 OK
r-patched-linux-x86_64 1.2.0 18.98 194.99 213.97 OK
r-release-linux-x86_64 1.2.0 11.78 189.87 201.65 OK
r-release-macos-arm64 1.2.0 72.00 OK
r-release-macos-x86_64 1.2.0 100.00 OK
r-release-windows-x86_64 1.2.0 16.00 150.00 166.00 OK
r-oldrel-macos-arm64 1.2.0 77.00 OK
r-oldrel-macos-x86_64 1.2.0 202.00 OK
r-oldrel-windows-x86_64 1.2.0 20.00 191.00 211.00 OK

Check Details

Version: 1.2.0
Check: package dependencies
Result: ERROR Packages required but not available: 'tune', 'dials', 'dplyr', 'ggplot2', 'parsnip', 'purrr', 'tibble', 'tidyr', 'tidyselect', 'vctrs', 'workflows' Packages suggested but not available for checking: 'BradleyTerry2', 'discrim', 'kknn', 'klaR', 'lme4', 'modeldata', 'recipes', 'rsample', 'testthat', 'yardstick' See section ‘The DESCRIPTION file’ in the ‘Writing R Extensions’ manual. Flavor: r-devel-linux-x86_64-debian-gcc