CRAN Package Check Results for Package findR

Last updated on 2024-05-25 00:58:24 CEST.

Flavor Version Tinstall Tcheck Ttotal Status Flags
r-devel-linux-x86_64-debian-clang 0.2.1 1.99 23.73 25.72 NOTE
r-devel-linux-x86_64-debian-gcc 0.2.1 1.99 18.50 20.49 NOTE
r-devel-linux-x86_64-fedora-clang 0.2.1 33.51 NOTE
r-devel-linux-x86_64-fedora-gcc 0.2.1 31.38 NOTE
r-devel-windows-x86_64 0.2.1 4.00 41.00 45.00 NOTE
r-patched-linux-x86_64 0.2.1 2.84 23.25 26.09 NOTE
r-release-linux-x86_64 0.2.1 2.69 23.08 25.77 NOTE
r-release-macos-arm64 0.2.1 14.00 NOTE
r-release-windows-x86_64 0.2.1 3.00 39.00 42.00 NOTE
r-oldrel-macos-arm64 0.2.1 16.00 NOTE
r-oldrel-macos-x86_64 0.2.1 20.00 NOTE
r-oldrel-windows-x86_64 0.2.1 4.00 40.00 44.00 NOTE

Check Details

Version: 0.2.1
Check: LazyData
Result: NOTE 'LazyData' is specified without a 'data' directory Flavors: r-devel-linux-x86_64-debian-clang, r-devel-linux-x86_64-debian-gcc, r-devel-linux-x86_64-fedora-clang, r-devel-linux-x86_64-fedora-gcc, r-devel-windows-x86_64, r-patched-linux-x86_64, r-release-linux-x86_64, r-release-macos-arm64, r-release-windows-x86_64, r-oldrel-macos-arm64, r-oldrel-macos-x86_64, r-oldrel-windows-x86_64