CRAN Package Check Results for Package fiery

Last updated on 2021-12-03 23:49:57 CET.

Flavor Version Tinstall Tcheck Ttotal Status Flags
r-devel-linux-x86_64-debian-clang 1.1.3 11.49 46.15 57.64 OK
r-devel-linux-x86_64-debian-gcc 1.1.3 8.54 37.25 45.79 OK
r-devel-linux-x86_64-fedora-clang 1.1.3 82.21 OK
r-devel-linux-x86_64-fedora-gcc 1.1.3 70.52 OK
r-devel-windows-x86_64-new-UL 1.1.3 21.00 125.00 146.00 OK
r-devel-windows-x86_64-new-TK 1.1.3 OK
r-devel-windows-x86_64-old 1.1.3 18.00 81.00 99.00 OK
r-patched-linux-x86_64 1.1.3 10.18 46.51 56.69 OK
r-release-linux-x86_64 1.1.3 9.60 46.28 55.88 OK
r-release-macos-arm64 1.1.3 OK
r-release-macos-x86_64 1.1.3 OK
r-release-windows-ix86+x86_64 1.1.3 20.00 95.00 115.00 ERROR
r-oldrel-macos-x86_64 1.1.3 OK
r-oldrel-windows-ix86+x86_64 1.1.3 22.00 102.00 124.00 OK

Check Details

Version: 1.1.3
Check: tests
Result: ERROR
     Running 'testthat.R' [25s]
    Running the tests in 'tests/testthat.R' failed.
    Complete output:
     > library(testthat)
     > library(fiery)
     >
     > test_check("fiery")
     createTcpServer: permission denied
    
     == Skipped tests ===============================================================
     * On CRAN (1)
    
     == Failed tests ================================================================
     -- Error (test-Fire.R:319:5): futures can be added and called ------------------
     Error in `initialize(...)`: Failed to create server
     Backtrace:
     x
     1. +-testthat::expect_message(app$ignite(), "10") test-Fire.R:319:4
     2. | \-testthat:::quasi_capture(enquo(object), label, capture_messages)
     3. | +-testthat:::.capture(...)
     4. | | \-base::withCallingHandlers(...)
     5. | \-rlang::eval_bare(quo_get_expr(.quo), quo_get_env(.quo))
     6. \-app$ignite()
     7. \-private$run(block = block, showcase = showcase, ..., silent = silent)
     8. \-private$run_blocking_server(showcase = showcase)
     9. \-httpuv::startServer(...)
     10. \-WebServer$new(host, port, app, quiet)
     11. \-httpuv:::initialize(...)
    
     [ FAIL 1 | WARN 0 | SKIP 1 | PASS 249 ]
     Error: Test failures
     Execution halted
Flavor: r-release-windows-ix86+x86_64