CRAN Package Check Results for Package fgeo.tool

Last updated on 2024-06-13 00:55:13 CEST.

Flavor Version Tinstall Tcheck Ttotal Status Flags
r-devel-linux-x86_64-debian-clang 1.2.9 7.23 64.85 72.08 OK
r-devel-linux-x86_64-debian-gcc 1.2.9 0.29 1.54 1.83 ERROR
r-devel-linux-x86_64-fedora-clang 1.2.9 90.84 OK
r-devel-linux-x86_64-fedora-gcc 1.2.9 83.45 OK
r-devel-windows-x86_64 1.2.9 6.00 71.00 77.00 OK
r-patched-linux-x86_64 1.2.9 12.28 61.81 74.09 OK
r-release-linux-x86_64 1.2.9 4.60 61.43 66.03 OK
r-release-macos-arm64 1.2.9 26.00 OK
r-release-macos-x86_64 1.2.9 41.00 OK
r-release-windows-x86_64 1.2.9 8.00 71.00 79.00 OK
r-oldrel-macos-arm64 1.2.9 38.00 OK
r-oldrel-macos-x86_64 1.2.9 55.00 OK
r-oldrel-windows-x86_64 1.2.9 9.00 87.00 96.00 OK

Check Details

Version: 1.2.9
Check: package dependencies
Result: ERROR Packages required but not available: 'dplyr', 'purrr', 'readr', 'tibble', 'tidyselect' Packages suggested but not available for checking: 'roxygen2', 'stringr', 'testthat', 'tidyr' See section ‘The DESCRIPTION file’ in the ‘Writing R Extensions’ manual. Flavor: r-devel-linux-x86_64-debian-gcc