CRAN Package Check Results for Package fgeo.analyze

Last updated on 2024-04-20 00:56:06 CEST.

Flavor Version Tinstall Tcheck Ttotal Status Flags
r-devel-linux-x86_64-debian-clang 1.1.14 4.56 116.35 120.91 NOTE
r-devel-linux-x86_64-debian-gcc 1.1.14 NOTE
r-devel-linux-x86_64-fedora-clang 1.1.14 148.36 NOTE
r-devel-linux-x86_64-fedora-gcc 1.1.14 139.96 NOTE
r-prerel-macos-arm64 1.1.14 46.00 NOTE
r-prerel-windows-x86_64 1.1.14 7.00 105.00 112.00 NOTE
r-patched-linux-x86_64 1.1.14 12.25 109.41 121.66 NOTE
r-release-linux-x86_64 1.1.14 4.38 108.59 112.97 NOTE
r-release-macos-arm64 1.1.14 44.00 NOTE
r-release-macos-x86_64 1.1.14 71.00 NOTE
r-release-windows-x86_64 1.1.14 8.00 123.00 131.00 NOTE
r-oldrel-macos-arm64 1.1.14 43.00 NOTE
r-oldrel-windows-x86_64 1.1.14 9.00 129.00 138.00 NOTE

Check Details

Version: 1.1.14
Check: LazyData
Result: NOTE 'LazyData' is specified without a 'data' directory Flavors: r-devel-linux-x86_64-debian-clang, r-devel-linux-x86_64-debian-gcc, r-devel-linux-x86_64-fedora-clang, r-devel-linux-x86_64-fedora-gcc, r-prerel-macos-arm64, r-prerel-windows-x86_64, r-patched-linux-x86_64, r-release-linux-x86_64, r-release-macos-arm64, r-release-macos-x86_64, r-release-windows-x86_64, r-oldrel-macos-arm64, r-oldrel-windows-x86_64