CRAN Package Check Results for Package fedstatAPIr

Last updated on 2022-01-17 23:51:23 CET.

Flavor Version Tinstall Tcheck Ttotal Status Flags
r-devel-linux-x86_64-debian-clang 0.1 2.64 34.52 37.16 OK
r-devel-linux-x86_64-debian-gcc 0.2.0 2.89 29.53 32.42 OK
r-devel-linux-x86_64-fedora-clang 0.2.0 51.62 NOTE
r-devel-linux-x86_64-fedora-gcc 0.2.0 40.65 NOTE
r-devel-windows-x86_64-new-UL 0.2.0 53.00 59.00 112.00 OK
r-devel-windows-x86_64-new-TK 0.1 OK
r-patched-linux-x86_64 0.1 2.39 34.08 36.47 OK
r-release-linux-x86_64 0.2.0 OK
r-release-macos-arm64 0.2.0 NOTE
r-release-macos-x86_64 0.2.0 NOTE
r-release-windows-ix86+x86_64 0.1 6.00 42.00 48.00 OK
r-oldrel-macos-x86_64 0.1 OK
r-oldrel-windows-ix86+x86_64 0.1 7.00 43.00 50.00 OK

Check Details

Version: 0.2.0
Check: dependencies in R code
Result: NOTE
    Namespace in Imports field not imported from: ‘methods’
     All declared Imports should be used.
Flavors: r-devel-linux-x86_64-fedora-clang, r-devel-linux-x86_64-fedora-gcc, r-release-macos-arm64, r-release-macos-x86_64

Version: 0.2.0
Check: data for non-ASCII characters
Result: NOTE
     Note: found 43825 marked UTF-8 strings
Flavors: r-devel-linux-x86_64-fedora-clang, r-devel-linux-x86_64-fedora-gcc, r-release-macos-arm64, r-release-macos-x86_64