CRAN Package Check Results for Package feasts

Last updated on 2021-12-04 23:50:32 CET.

Flavor Version Tinstall Tcheck Ttotal Status Flags
r-devel-linux-x86_64-debian-clang 0.2.2 9.76 154.17 163.93 OK
r-devel-linux-x86_64-debian-gcc 0.2.2 8.64 113.39 122.03 OK
r-devel-linux-x86_64-fedora-clang 0.2.2 199.11 NOTE
r-devel-linux-x86_64-fedora-gcc 0.2.2 192.38 NOTE
r-devel-windows-x86_64-new-UL 0.2.2 25.00 205.00 230.00 OK
r-devel-windows-x86_64-new-TK 0.2.2 NOTE
r-devel-windows-x86_64-old 0.2.2 18.00 137.00 155.00 OK
r-patched-linux-x86_64 0.2.2 10.18 139.05 149.23 OK
r-release-linux-x86_64 0.2.2 11.16 136.48 147.64 OK
r-release-macos-arm64 0.2.2 NOTE
r-release-macos-x86_64 0.2.2 NOTE
r-release-windows-ix86+x86_64 0.2.2 23.00 184.00 207.00 OK
r-oldrel-macos-x86_64 0.2.2 NOTE
r-oldrel-windows-ix86+x86_64 0.2.2 24.00 186.00 210.00 OK

Check Details

Version: 0.2.2
Check: dependencies in R code
Result: NOTE
    Namespace in Imports field not imported from: ‘scales’
     All declared Imports should be used.
Flavors: r-devel-linux-x86_64-fedora-clang, r-devel-linux-x86_64-fedora-gcc, r-devel-windows-x86_64-new-TK, r-release-macos-arm64, r-release-macos-x86_64, r-oldrel-macos-x86_64