CRAN Package Check Results for Package fdaMixed

Last updated on 2024-06-13 00:55:13 CEST.

Flavor Version Tinstall Tcheck Ttotal Status Flags
r-devel-linux-x86_64-debian-clang 0.6.1 107.21 36.35 143.56 OK
r-devel-linux-x86_64-debian-gcc 0.6.1 78.20 27.19 105.39 OK
r-devel-linux-x86_64-fedora-clang 0.6.1 221.40 OK
r-devel-linux-x86_64-fedora-gcc 0.6.1 233.43 OK
r-devel-windows-x86_64 0.6.1 86.00 77.00 163.00 OK
r-patched-linux-x86_64 0.6.1 93.54 35.45 128.99 OK
r-release-linux-x86_64 0.6.1 103.06 36.41 139.47 OK
r-release-macos-arm64 0.6.1 49.00 NOTE
r-release-macos-x86_64 0.6.1 61.00 NOTE
r-release-windows-x86_64 0.6.1 84.00 76.00 160.00 OK
r-oldrel-macos-arm64 0.6.1 54.00 NOTE
r-oldrel-macos-x86_64 0.6.1 80.00 NOTE
r-oldrel-windows-x86_64 0.6.1 106.00 83.00 189.00 OK

Check Details

Version: 0.6.1
Check: installed package size
Result: NOTE installed size is 7.6Mb sub-directories of 1Mb or more: libs 7.5Mb Flavors: r-release-macos-arm64, r-release-macos-x86_64, r-oldrel-macos-arm64, r-oldrel-macos-x86_64