CRAN Package Check Results for Package fcci

Last updated on 2022-01-17 23:51:23 CET.

Flavor Version Tinstall Tcheck Ttotal Status Flags
r-devel-linux-x86_64-debian-clang 1.0.1 27.69 119.33 147.02 OK
r-devel-linux-x86_64-debian-gcc 1.0.1 15.56 81.17 96.73 OK
r-devel-linux-x86_64-fedora-clang 1.0.1 164.18 OK
r-devel-linux-x86_64-fedora-gcc 1.0.1 128.80 OK
r-devel-windows-x86_64-new-UL 1.0.1 38.00 192.00 230.00 OK
r-devel-windows-x86_64-new-TK 1.0.1 OK
r-patched-linux-x86_64 1.0.1 20.08 89.41 109.49 OK
r-release-linux-x86_64 1.0.1 OK
r-release-macos-arm64 1.0.1 OK
r-release-macos-x86_64 1.0.1 WARN --as-cran
r-release-windows-ix86+x86_64 1.0.1 60.00 242.00 302.00 OK
r-oldrel-macos-x86_64 1.0.0 OK
r-oldrel-windows-ix86+x86_64 1.0.1 60.00 227.00 287.00 OK

Check Details

Version: 1.0.1
Flags: --as-cran
Check: CRAN incoming feasibility
Result: WARN
    Maintainer: ‘Valerio Gherardi <vgherard840@gmail.com>’
    
    Insufficient package version (submitted: 1.0.1, existing: 1.0.1)
    
    Days since last update: 1
Flavor: r-release-macos-x86_64

Version: 1.0.1
Flags: --as-cran
Check: top-level files
Result: NOTE
    Files ‘README.md’ or ‘NEWS.md’ cannot be checked without ‘pandoc’ being installed.
Flavor: r-release-macos-x86_64