CRAN Package Check Results for Package faux

Last updated on 2024-06-14 00:53:41 CEST.

Flavor Version Tinstall Tcheck Ttotal Status Flags
r-devel-linux-x86_64-debian-clang 1.2.1 13.76 309.32 323.08 NOTE
r-devel-linux-x86_64-debian-gcc 1.2.1 0.77 1.70 2.47 ERROR
r-devel-linux-x86_64-fedora-clang 1.2.1 427.29 NOTE
r-devel-linux-x86_64-fedora-gcc 1.2.1 414.99 NOTE
r-devel-windows-x86_64 1.2.1 21.00 302.00 323.00 NOTE
r-patched-linux-x86_64 1.2.1 9.50 301.11 310.61 NOTE
r-release-linux-x86_64 1.2.1 8.91 302.98 311.89 NOTE
r-release-macos-arm64 1.2.1 120.00 NOTE
r-release-macos-x86_64 1.2.1 204.00 NOTE
r-release-windows-x86_64 1.2.1 21.00 297.00 318.00 NOTE
r-oldrel-macos-arm64 1.2.1 116.00 OK
r-oldrel-macos-x86_64 1.2.1 258.00 OK
r-oldrel-windows-x86_64 1.2.1 27.00 364.00 391.00 OK

Check Details

Version: 1.2.1
Check: Rd files
Result: NOTE checkRd: (-1) fh_bounds.Rd:14: Lost braces 14 | \item{params1}{Arguments to pass to the r{dist} function for distribution 1} | ^ checkRd: (-1) fh_bounds.Rd:16: Lost braces 16 | \item{params2}{Arguments to pass to the r{dist} function for distribution 2} | ^ Flavors: r-devel-linux-x86_64-debian-clang, r-devel-linux-x86_64-fedora-clang, r-devel-linux-x86_64-fedora-gcc, r-devel-windows-x86_64, r-patched-linux-x86_64, r-release-linux-x86_64, r-release-macos-arm64, r-release-macos-x86_64, r-release-windows-x86_64

Version: 1.2.1
Check: package dependencies
Result: ERROR Packages required but not available: 'lme4', 'dplyr', 'ggplot2' Packages suggested but not available for checking: 'testthat', 'tidyr', 'roxygen2', 'cowplot', 'ggExtra', 'purrr', 'broom', 'broom.mixed', 'lmerTest', 'kableExtra', 'readr', 'patchwork' See section ‘The DESCRIPTION file’ in the ‘Writing R Extensions’ manual. Flavor: r-devel-linux-x86_64-debian-gcc