CRAN Package Check Results for Package fastshap

Last updated on 2023-01-30 00:31:11 CET.

Flavor Version Tinstall Tcheck Ttotal Status Flags
r-devel-linux-x86_64-debian-clang 0.0.7 33.82 89.47 123.29 OK
r-devel-linux-x86_64-debian-gcc 0.0.7 27.46 76.95 104.41 NOTE
r-devel-linux-x86_64-fedora-clang 0.0.7 178.34 NOTE
r-devel-linux-x86_64-fedora-gcc 0.0.7 165.50 NOTE
r-devel-windows-x86_64 0.0.7 42.00 137.00 179.00 NOTE
r-patched-linux-x86_64 0.0.7 27.25 86.11 113.36 OK
r-release-linux-x86_64 0.0.7 26.45 85.99 112.44 OK
r-release-macos-arm64 0.0.7 44.00 OK
r-release-macos-x86_64 0.0.7 74.00 OK
r-release-windows-x86_64 0.0.7 45.00 127.00 172.00 OK
r-oldrel-macos-arm64 0.0.7 35.00 OK
r-oldrel-macos-x86_64 0.0.7 56.00 OK
r-oldrel-windows-ix86+x86_64 0.0.7 90.00 173.00 263.00 ERROR

Check Details

Version: 0.0.7
Check: C++ specification
Result: NOTE
     Specified C++11: please update to current default of C++17
Flavors: r-devel-linux-x86_64-debian-gcc, r-devel-linux-x86_64-fedora-clang, r-devel-linux-x86_64-fedora-gcc, r-devel-windows-x86_64

Version: 0.0.7
Check: running tests for arch ‘i386’
Result: ERROR
     Running 'tinytest.R' [25s]
    Running the tests in 'tests/tinytest.R' failed.
    Complete output:
     >
     > if ( requireNamespace("tinytest", quietly=TRUE) ){
     + home <- length(unclass(packageVersion("fastshap"))[[1L]]) == 4
     + tinytest::test_package("fastshap", at_home = home)
     + }
    
     test_copy_classes.R........... 0 tests
     test_copy_classes.R........... 0 tests
     test_copy_classes.R........... 0 tests
     test_copy_classes.R........... 0 tests
     test_copy_classes.R........... 0 tests
     test_copy_classes.R........... 1 tests <1b>[0;32mOK<1b>[0m
     test_copy_classes.R........... 2 tests <1b>[0;32mOK<1b>[0m
     test_copy_classes.R........... 3 tests <1b>[0;32mOK<1b>[0m <1b>[0;34m0.1s<1b>[0m
    
     test_fastshap.R............... 0 tests
     test_fastshap.R............... 0 tests
     test_fastshap.R............... 0 tests
     test_fastshap.R............... 0 tests
     test_fastshap.R............... 0 tests
     test_fastshap.R............... 0 tests
     test_fastshap.R............... 0 tests
     test_fastshap.R............... 0 tests
     test_fastshap.R............... 1 tests <1b>[0;32mOK<1b>[0m
     test_fastshap.R............... 1 tests <1b>[0;32mOK<1b>[0m
     test_fastshap.R............... 1 tests <1b>[0;32mOK<1b>[0m
     test_fastshap.R............... 1 tests <1b>[0;32mOK<1b>[0m
     test_fastshap.R............... 1 tests <1b>[0;32mOK<1b>[0m
     test_fastshap.R............... 1 tests <1b>[0;32mOK<1b>[0m
     test_fastshap.R............... 1 tests <1b>[0;32mOK<1b>[0m
     test_fastshap.R............... 2 tests <1b>[0;32mOK<1b>[0m
     test_fastshap.R............... 3 tests <1b>[0;32mOK<1b>[0m
     test_fastshap.R............... 4 tests <1b>[0;32mOK<1b>[0m
     test_fastshap.R............... 5 tests <1b>[0;32mOK<1b>[0m
     test_fastshap.R............... 6 tests <1b>[0;32mOK<1b>[0m
     test_fastshap.R............... 7 tests <1b>[0;32mOK<1b>[0m
     test_fastshap.R............... 7 tests <1b>[0;32mOK<1b>[0m
     test_fastshap.R............... 8 tests <1b>[0;32mOK<1b>[0m
     test_fastshap.R............... 8 tests <1b>[0;32mOK<1b>[0m
     test_fastshap.R............... 8 tests <1b>[0;32mOK<1b>[0m
     test_fastshap.R............... 9 tests <1b>[0;32mOK<1b>[0m
     test_fastshap.R............... 9 tests <1b>[0;32mOK<1b>[0m
     test_fastshap.R............... 9 tests <1b>[0;32mOK<1b>[0m
     test_fastshap.R............... 10 tests <1b>[0;32mOK<1b>[0m
     test_fastshap.R............... 11 tests <1b>[0;32mOK<1b>[0m
     test_fastshap.R............... 12 tests <1b>[0;32mOK<1b>[0m
     test_fastshap.R............... 12 tests <1b>[0;32mOK<1b>[0m
     test_fastshap.R............... 12 tests <1b>[0;32mOK<1b>[0m
     test_fastshap.R............... 13 tests <1b>[0;32mOK<1b>[0m
     test_fastshap.R............... 14 tests <1b>[0;32mOK<1b>[0m
     test_fastshap.R............... 15 tests <1b>[0;32mOK<1b>[0m
     test_fastshap.R............... 16 tests <1b>[0;32mOK<1b>[0m
     test_fastshap.R............... 17 tests <1b>[0;32mOK<1b>[0m
     test_fastshap.R............... 17 tests <1b>[0;32mOK<1b>[0m
     test_fastshap.R............... 17 tests <1b>[0;32mOK<1b>[0m
     test_fastshap.R............... 18 tests <1b>[0;32mOK<1b>[0m
     test_fastshap.R............... 19 tests <1b>[0;32mOK<1b>[0m
     test_fastshap.R............... 20 tests <1b>[0;32mOK<1b>[0m
     test_fastshap.R............... 21 tests <1b>[0;32mOK<1b>[0m
     test_fastshap.R............... 22 tests <1b>[0;32mOK<1b>[0m
     test_fastshap.R............... 23 tests <1b>[0;32mOK<1b>[0m
     test_fastshap.R............... 23 tests <1b>[0;32mOK<1b>[0m
     test_fastshap.R............... 23 tests <1b>[0;32mOK<1b>[0m
     test_fastshap.R............... 24 tests <1b>[0;32mOK<1b>[0m
     test_fastshap.R............... 25 tests <1b>[0;32mOK<1b>[0m
     test_fastshap.R............... 26 tests <1b>[0;32mOK<1b>[0m `geom_smooth()` using method = 'loess' and formula = 'y ~ x'
    
     test_fastshap.R............... 26 tests <1b>[0;32mOK<1b>[0m <1b>[0;34m5.2s<1b>[0m
    
     test_fastshap_adjust.R........ 0 tests
     test_fastshap_adjust.R........ 0 tests
     test_fastshap_adjust.R........ 0 tests
     test_fastshap_adjust.R........ 0 tests
     test_fastshap_adjust.R........ 1 tests <1b>[0;32mOK<1b>[0m
     test_fastshap_adjust.R........ 1 tests <1b>[0;32mOK<1b>[0m
     test_fastshap_adjust.R........ 1 tests <1b>[0;32mOK<1b>[0m
     test_fastshap_adjust.R........ 1 tests <1b>[0;32mOK<1b>[0m
     test_fastshap_adjust.R........ 1 tests <1b>[0;32mOK<1b>[0m
     test_fastshap_adjust.R........ 1 tests <1b>[0;32mOK<1b>[0m
     test_fastshap_adjust.R........ 1 tests <1b>[0;32mOK<1b>[0m
     test_fastshap_adjust.R........ 1 tests <1b>[0;32mOK<1b>[0m
     test_fastshap_adjust.R........ 1 tests <1b>[0;32mOK<1b>[0m
     test_fastshap_adjust.R........ 1 tests <1b>[0;32mOK<1b>[0m
     test_fastshap_adjust.R........ 2 tests <1b>[0;32mOK<1b>[0m <1b>[0;34m9.0s<1b>[0m
    
     test_fastshap_exact.R......... 0 tests
     test_fastshap_exact.R......... 0 tests
     test_fastshap_exact.R......... 0 tests
     test_fastshap_exact.R......... 0 tests
     test_fastshap_exact.R......... 0 tests
     test_fastshap_exact.R......... 0 tests
     test_fastshap_exact.R......... 0 tests
     test_fastshap_exact.R......... 0 tests
     test_fastshap_exact.R......... 0 tests
     test_fastshap_exact.R......... 0 tests
     test_fastshap_exact.R......... 0 tests
     test_fastshap_exact.R......... 0 tests
     test_fastshap_exact.R......... 1 tests <1b>[0;32mOK<1b>[0m
     test_fastshap_exact.R......... 2 tests <1b>[0;32mOK<1b>[0m
     test_fastshap_exact.R......... 3 tests <1b>[0;32mOK<1b>[0m
     test_fastshap_exact.R......... 4 tests <1b>[0;32mOK<1b>[0m
     test_fastshap_exact.R......... 4 tests <1b>[0;32mOK<1b>[0m
     test_fastshap_exact.R......... 4 tests <1b>[0;32mOK<1b>[0m
     test_fastshap_exact.R......... 4 tests <1b>[0;32mOK<1b>[0m
     test_fastshap_exact.R......... 4 tests <1b>[0;32mOK<1b>[0m
     test_fastshap_exact.R......... 4 tests <1b>[0;32mOK<1b>[0m
     test_fastshap_exact.R......... 4 tests <1b>[0;32mOK<1b>[0m
     test_fastshap_exact.R......... 5 tests <1b>[0;32mOK<1b>[0m
     test_fastshap_exact.R......... 6 tests <1b>[0;32mOK<1b>[0m
     test_fastshap_exact.R......... 7 tests <1b>[0;32mOK<1b>[0m
     test_fastshap_exact.R......... 8 tests <1b>[0;32mOK<1b>[0m <1b>[0;34m1.4s<1b>[0m
    
     test_fastshap_matrix.R........ 0 tests
     test_fastshap_matrix.R........ 0 tests
     test_fastshap_matrix.R........ 0 tests
     test_fastshap_matrix.R........ 0 tests
     test_fastshap_matrix.R........ 0 tests
     test_fastshap_matrix.R........ 0 tests
     test_fastshap_matrix.R........ 0 tests
     test_fastshap_matrix.R........ 0 tests
     test_fastshap_matrix.R........ 0 tests
     test_fastshap_matrix.R........ 0 tests
     test_fastshap_matrix.R........ 0 tests
     test_fastshap_matrix.R........ 0 tests
     test_fastshap_matrix.R........ 1 tests <1b>[0;32mOK<1b>[0m
     test_fastshap_matrix.R........ 1 tests <1b>[0;32mOK<1b>[0m <1b>[0;34m4.2s<1b>[0m
    
     test_fastshap_titanic.R....... 0 tests
     test_fastshap_titanic.R....... 0 tests
     test_fastshap_titanic.R....... 0 tests
     test_fastshap_titanic.R....... 0 tests
     test_fastshap_titanic.R....... 0 tests
     test_fastshap_titanic.R....... 0 tests
     test_fastshap_titanic.R....... 0 tests
     test_fastshap_titanic.R....... 0 tests
     test_fastshap_titanic.R....... 0 tests
     test_fastshap_titanic.R....... 0 tests
     test_fastshap_titanic.R....... 0 tests
     test_fastshap_titanic.R....... 0 tests
     test_fastshap_titanic.R....... 0 tests
     test_fastshap_titanic.R....... 0 tests
     test_fastshap_titanic.R....... 0 tests
     test_fastshap_titanic.R....... 0 tests
     test_fastshap_titanic.R....... 1 tests <1b>[0;32mOK<1b>[0m <1b>[0;34m3.1s<1b>[0m
    
     test_force_plot.R............. 0 tests <1b>[0;36m16ms<1b>[0m [Exited at #5: Skip force_plot tests for CRAN releases]
     All ok, 41 results (23.2s)
     >
     >
     > proc.time()
     user system elapsed
     24.30 0.60 25.07
Flavor: r-oldrel-windows-ix86+x86_64