CRAN Package Check Results for Package fastnet

Last updated on 2021-10-27 23:50:24 CEST.

Flavor Version Tinstall Tcheck Ttotal Status Flags
r-devel-linux-x86_64-debian-clang 1.0.0 5.27 40.62 45.89 NOTE
r-devel-linux-x86_64-debian-gcc 1.0.0 3.16 31.18 34.34 NOTE
r-devel-linux-x86_64-fedora-clang 1.0.0 65.36 NOTE
r-devel-linux-x86_64-fedora-gcc 1.0.0 54.57 NOTE
r-devel-windows-x86_64 1.0.0 8.00 63.00 71.00 NOTE
r-devel-windows-x86_64-gcc10-UCRT 1.0.0 NOTE
r-patched-linux-x86_64 1.0.0 5.41 39.32 44.73 NOTE
r-patched-solaris-x86 1.0.0 84.40 NOTE
r-release-linux-x86_64 1.0.0 5.16 39.85 45.01 NOTE
r-release-macos-arm64 1.0.0 NOTE
r-release-macos-x86_64 1.0.0 NOTE
r-release-windows-ix86+x86_64 1.0.0 8.00 52.00 60.00 NOTE
r-oldrel-macos-x86_64 1.0.0 OK
r-oldrel-windows-ix86+x86_64 1.0.0 7.00 59.00 66.00 OK

Check Details

Version: 1.0.0
Check: LazyData
Result: NOTE
     'LazyData' is specified without a 'data' directory
Flavors: r-devel-linux-x86_64-debian-clang, r-devel-linux-x86_64-debian-gcc, r-devel-linux-x86_64-fedora-clang, r-devel-linux-x86_64-fedora-gcc, r-devel-windows-x86_64, r-devel-windows-x86_64-gcc10-UCRT, r-patched-linux-x86_64, r-patched-solaris-x86, r-release-linux-x86_64, r-release-macos-arm64, r-release-macos-x86_64, r-release-windows-ix86+x86_64