CRAN Package Check Results for Package fastglm

Last updated on 2023-04-02 00:57:32 CEST.

Flavor Version Tinstall Tcheck Ttotal Status Flags
r-devel-linux-x86_64-debian-clang 0.0.3 132.45 61.56 194.01 NOTE
r-devel-linux-x86_64-debian-gcc 0.0.3 108.69 53.71 162.40 NOTE
r-devel-linux-x86_64-fedora-clang 0.0.3 238.06 NOTE
r-devel-linux-x86_64-fedora-gcc 0.0.3 279.51 NOTE
r-devel-windows-x86_64 0.0.3 132.00 128.00 260.00 NOTE
r-patched-linux-x86_64 0.0.3 124.06 70.72 194.78 NOTE
r-release-linux-x86_64 0.0.3 120.81 72.30 193.11 OK
r-release-macos-arm64 0.0.3 49.00 ERROR
r-release-macos-x86_64 0.0.3 100.00 NOTE
r-release-windows-x86_64 0.0.3 96.00 140.00 236.00 OK
r-oldrel-macos-arm64 0.0.3 97.00 NOTE
r-oldrel-macos-x86_64 0.0.3 99.00 NOTE
r-oldrel-windows-ix86+x86_64 0.0.3 283.00 137.00 420.00 OK

Check Details

Version: 0.0.3
Check: C++ specification
Result: NOTE
     Specified C++11: please drop specification unless essential
Flavors: r-devel-linux-x86_64-debian-clang, r-devel-linux-x86_64-debian-gcc, r-devel-linux-x86_64-fedora-clang, r-devel-linux-x86_64-fedora-gcc, r-devel-windows-x86_64, r-patched-linux-x86_64

Version: 0.0.3
Check: whether package can be installed
Result: ERROR
    Installation failed.
Flavor: r-release-macos-arm64

Version: 0.0.3
Check: installed package size
Result: NOTE
     installed size is 47.8Mb
     sub-directories of 1Mb or more:
     libs 47.6Mb
Flavors: r-release-macos-x86_64, r-oldrel-macos-arm64, r-oldrel-macos-x86_64