CRAN Package Check Results for Package fastcmh

Last updated on 2022-05-26 23:52:55 CEST.

Flavor Version Tinstall Tcheck Ttotal Status Flags
r-devel-linux-x86_64-debian-clang 0.2.7 37.88 43.43 81.31 OK
r-devel-linux-x86_64-debian-gcc 0.2.7 33.22 37.18 70.40 OK
r-devel-linux-x86_64-fedora-clang 0.2.7 116.16 NOTE
r-devel-linux-x86_64-fedora-gcc 0.2.7 106.91 NOTE
r-devel-windows-x86_64 0.2.7 39.00 77.00 116.00 OK
r-patched-linux-x86_64 0.2.7 32.68 42.53 75.21 OK
r-release-linux-x86_64 0.2.7 29.60 42.27 71.87 OK
r-release-macos-arm64 0.2.7 33.00 OK
r-release-macos-x86_64 0.2.7 41.00 OK
r-release-windows-x86_64 0.2.7 47.00 78.00 125.00 OK
r-oldrel-macos-arm64 0.2.7 37.00 OK
r-oldrel-macos-x86_64 0.2.7 57.00 OK
r-oldrel-windows-ix86+x86_64 0.2.7 101.00 79.00 180.00 OK

Check Details

Version: 0.2.7
Check: compiled code
Result: NOTE
    File ‘fastcmh/libs/fastcmh.so’:
     Found no calls to: ‘R_registerRoutines’, ‘R_useDynamicSymbols’
    
    It is good practice to register native routines and to disable symbol
    search.
    
    See ‘Writing portable packages’ in the ‘Writing R Extensions’ manual.
Flavors: r-devel-linux-x86_64-fedora-clang, r-devel-linux-x86_64-fedora-gcc