CRAN Package Check Results for Package fastAdaboost

Last updated on 2022-01-21 23:48:46 CET.

Flavor Version Tinstall Tcheck Ttotal Status Flags
r-devel-linux-x86_64-debian-clang 1.0.0 41.56 40.14 81.70 NOTE
r-devel-linux-x86_64-debian-gcc 1.0.0 31.06 31.79 62.85 NOTE
r-devel-linux-x86_64-fedora-clang 1.0.0 120.07 NOTE
r-devel-linux-x86_64-fedora-gcc 1.0.0 98.50 NOTE
r-devel-windows-x86_64-new-UL 1.0.0 68.00 81.00 149.00 NOTE
r-devel-windows-x86_64-new-TK 1.0.0 NOTE
r-patched-linux-x86_64 1.0.0 33.82 39.11 72.93 NOTE
r-release-linux-x86_64 1.0.0 36.37 39.22 75.59 NOTE
r-release-macos-arm64 1.0.0 NOTE
r-release-macos-x86_64 1.0.0 NOTE
r-release-windows-ix86+x86_64 1.0.0 102.00 83.00 185.00 NOTE
r-oldrel-macos-x86_64 1.0.0 OK
r-oldrel-windows-ix86+x86_64 1.0.0 101.00 79.00 180.00 OK

Additional issues

clang-UBSAN

Check Details

Version: 1.0.0
Check: LazyData
Result: NOTE
     'LazyData' is specified without a 'data' directory
Flavors: r-devel-linux-x86_64-debian-clang, r-devel-linux-x86_64-debian-gcc, r-devel-linux-x86_64-fedora-clang, r-devel-linux-x86_64-fedora-gcc, r-devel-windows-x86_64-new-UL, r-devel-windows-x86_64-new-TK, r-patched-linux-x86_64, r-release-linux-x86_64, r-release-macos-arm64, r-release-macos-x86_64, r-release-windows-ix86+x86_64

Version: 1.0.0
Check: compiled code
Result: NOTE
    File ‘fastAdaboost/libs/fastAdaboost.so’:
     Found no calls to: ‘R_registerRoutines’, ‘R_useDynamicSymbols’
    
    It is good practice to register native routines and to disable symbol
    search.
    
    See ‘Writing portable packages’ in the ‘Writing R Extensions’ manual.
Flavors: r-devel-linux-x86_64-fedora-clang, r-devel-linux-x86_64-fedora-gcc