CRAN Package Check Results for Package farff

Last updated on 2021-09-23 23:50:05 CEST.

Flavor Version Tinstall Tcheck Ttotal Status Flags
r-devel-linux-x86_64-debian-clang 1.1.1 5.49 35.47 40.96 OK
r-devel-linux-x86_64-debian-gcc 1.1.1 3.39 27.56 30.95 OK
r-devel-linux-x86_64-fedora-clang 1.1.1 56.82 NOTE
r-devel-linux-x86_64-fedora-gcc 1.1.1 45.37 OK
r-devel-windows-x86_64 1.1.1 8.00 42.00 50.00 OK
r-devel-windows-x86_64-gcc10-UCRT 1.1.1 OK
r-patched-linux-x86_64 1.1.1 4.44 33.40 37.84 OK
r-patched-solaris-x86 1.1.1 81.80 OK
r-release-linux-x86_64 1.1.1 3.01 33.50 36.51 OK
r-release-macos-arm64 1.1.1 OK
r-release-macos-x86_64 1.1.1 OK
r-release-windows-ix86+x86_64 1.1.1 14.00 49.00 63.00 OK
r-oldrel-macos-x86_64 1.1.1 OK
r-oldrel-windows-ix86+x86_64 1.1.1 11.00 50.00 61.00 OK

Check Details

Version: 1.1.1
Check: Rd cross-references
Result: NOTE
    Undeclared package ‘RWeka’ in Rd xrefs
Flavor: r-devel-linux-x86_64-fedora-clang