Last updated on 2023-02-08 00:03:25 CET.
Flavor | Version | Tinstall | Tcheck | Ttotal | Status | Flags |
---|---|---|---|---|---|---|
r-devel-linux-x86_64-debian-clang | 1.4.1 | 84.78 | 892.24 | 977.02 | OK | |
r-devel-linux-x86_64-debian-gcc | 1.4.1 | 67.47 | 579.69 | 647.16 | OK | |
r-devel-linux-x86_64-fedora-clang | 1.4.1 | 1147.81 | NOTE | |||
r-devel-linux-x86_64-fedora-gcc | 1.4.1 | 1099.99 | OK | |||
r-devel-windows-x86_64 | 1.4.1 | 409.00 | 610.00 | 1019.00 | NOTE | |
r-patched-linux-x86_64 | 1.4.1 | 81.35 | 725.09 | 806.44 | OK | |
r-release-linux-x86_64 | 1.4.1 | 74.65 | 706.95 | 781.60 | OK | |
r-release-macos-arm64 | 1.4.1 | 213.00 | NOTE | |||
r-release-macos-x86_64 | 1.4.1 | 262.00 | NOTE | |||
r-release-windows-x86_64 | 1.4.1 | 565.00 | 587.00 | 1152.00 | NOTE | |
r-oldrel-macos-arm64 | 1.4.1 | 221.00 | NOTE | |||
r-oldrel-macos-x86_64 | 1.4.1 | 246.00 | NOTE | |||
r-oldrel-windows-ix86+x86_64 | 1.4.1 | 119.00 | 567.00 | 686.00 | NOTE |
Version: 1.4.1
Check: installed package size
Result: NOTE
installed size is 5.8Mb
sub-directories of 1Mb or more:
R 3.5Mb
doc 1.0Mb
help 1.2Mb
Flavors: r-devel-linux-x86_64-fedora-clang, r-devel-windows-x86_64, r-release-macos-arm64, r-release-macos-x86_64, r-release-windows-x86_64, r-oldrel-macos-arm64, r-oldrel-macos-x86_64, r-oldrel-windows-ix86+x86_64