CRAN Package Check Results for Package fable

Last updated on 2021-10-21 23:50:10 CEST.

Flavor Version Tinstall Tcheck Ttotal Status Flags
r-devel-linux-x86_64-debian-clang 0.3.1 29.85 203.05 232.90 OK
r-devel-linux-x86_64-debian-gcc 0.3.1 22.09 146.86 168.95 OK
r-devel-linux-x86_64-fedora-clang 0.3.1 290.19 NOTE
r-devel-linux-x86_64-fedora-gcc 0.3.1 275.11 OK
r-devel-windows-x86_64 0.3.1 46.00 265.00 311.00 OK
r-devel-windows-x86_64-gcc10-UCRT 0.3.1 OK
r-patched-linux-x86_64 0.3.1 20.45 195.96 216.41 OK
r-patched-solaris-x86 0.3.1 335.10 OK
r-release-linux-x86_64 0.3.1 21.48 196.30 217.78 OK
r-release-macos-arm64 0.3.1 OK
r-release-macos-x86_64 0.3.1 OK
r-release-windows-ix86+x86_64 0.3.1 75.00 435.00 510.00 OK
r-oldrel-macos-x86_64 0.3.1 OK
r-oldrel-windows-ix86+x86_64 0.3.1 73.00 439.00 512.00 OK

Check Details

Version: 0.3.1
Check: Rd cross-references
Result: NOTE
    Undeclared package ‘lmtest’ in Rd xrefs
Flavor: r-devel-linux-x86_64-fedora-clang