Last updated on 2023-02-03 23:51:32 CET.
Flavor | Version | Tinstall | Tcheck | Ttotal | Status | Flags |
---|---|---|---|---|---|---|
r-devel-linux-x86_64-debian-clang | 0.3.2 | 33.70 | 211.02 | 244.72 | OK | |
r-devel-linux-x86_64-debian-gcc | 0.3.2 | 26.14 | 151.84 | 177.98 | OK | |
r-devel-linux-x86_64-fedora-clang | 0.3.2 | 287.71 | NOTE | |||
r-devel-linux-x86_64-fedora-gcc | 0.3.2 | 329.51 | OK | |||
r-devel-windows-x86_64 | 0.3.2 | 79.00 | 293.00 | 372.00 | NOTE | |
r-patched-linux-x86_64 | 0.3.2 | 31.78 | 201.79 | 233.57 | OK | |
r-release-linux-x86_64 | 0.3.2 | 26.92 | 191.85 | 218.77 | OK | |
r-release-macos-arm64 | 0.3.2 | 74.00 | OK | |||
r-release-macos-x86_64 | 0.3.2 | 105.00 | OK | |||
r-release-windows-x86_64 | 0.3.2 | 82.00 | 286.00 | 368.00 | OK | |
r-oldrel-macos-arm64 | 0.3.2 | 86.00 | OK | |||
r-oldrel-macos-x86_64 | 0.3.2 | 110.00 | OK | |||
r-oldrel-windows-ix86+x86_64 | 0.3.2 | 76.00 | 415.00 | 491.00 | OK |
Version: 0.3.2
Check: Rd cross-references
Result: NOTE
Undeclared package ‘lmtest’ in Rd xrefs
Flavor: r-devel-linux-x86_64-fedora-clang
Version: 0.3.2
Check: C++ specification
Result: NOTE
Specified C++11: please update to current default of C++17
Flavor: r-devel-windows-x86_64