CRAN Package Check Results for Package fabR

Last updated on 2024-06-13 00:55:13 CEST.

Flavor Version Tinstall Tcheck Ttotal Status Flags
r-devel-linux-x86_64-debian-clang 2.1.0 8.79 74.67 83.46 OK
r-devel-linux-x86_64-debian-gcc 2.1.0 0.40 1.86 2.26 ERROR
r-devel-linux-x86_64-fedora-clang 2.1.0 111.66 OK
r-devel-linux-x86_64-fedora-gcc 2.1.0 111.21 OK
r-devel-windows-x86_64 2.1.0 8.00 79.00 87.00 OK
r-patched-linux-x86_64 2.1.0 10.27 71.90 82.17 OK
r-release-linux-x86_64 2.1.0 6.82 72.25 79.07 OK
r-release-macos-arm64 2.1.0 40.00 OK
r-release-macos-x86_64 2.1.0 66.00 OK
r-release-windows-x86_64 2.1.0 10.00 78.00 88.00 OK
r-oldrel-macos-arm64 2.1.0 46.00 OK
r-oldrel-macos-x86_64 2.1.0 84.00 OK
r-oldrel-windows-x86_64 2.1.0 10.00 95.00 105.00 OK

Check Details

Version: 2.1.0
Check: package dependencies
Result: ERROR Packages required but not available: 'dplyr', 'usethis', 'stringr', 'tidyr', 'purrr', 'janitor', 'readr', 'readxl', 'haven', 'lubridate' See section ‘The DESCRIPTION file’ in the ‘Writing R Extensions’ manual. Flavor: r-devel-linux-x86_64-debian-gcc