CRAN Package Check Results for Package fCopulae

Last updated on 2021-12-07 23:54:28 CET.

Flavor Version Tinstall Tcheck Ttotal Status Flags
r-devel-linux-x86_64-debian-clang 3042.82.1 18.65 240.91 259.56 NOTE
r-devel-linux-x86_64-debian-gcc 3042.82.1 14.37 168.17 182.54 NOTE
r-devel-linux-x86_64-fedora-clang 3042.82.1 306.16 NOTE
r-devel-linux-x86_64-fedora-gcc 3042.82.1 295.67 NOTE
r-devel-windows-x86_64-new-UL 3042.82.1 34.00 274.00 308.00 NOTE
r-devel-windows-x86_64-new-TK 3042.82.1 NOTE
r-devel-windows-x86_64-old 3042.82.1 30.00 286.00 316.00 NOTE
r-patched-linux-x86_64 3042.82.1 17.06 233.91 250.97 NOTE
r-release-linux-x86_64 3042.82.1 16.83 233.83 250.66 NOTE
r-release-macos-arm64 3042.82.1 NOTE
r-release-macos-x86_64 3042.82.1 NOTE
r-release-windows-ix86+x86_64 3042.82.1 22.00 272.00 294.00 NOTE
r-oldrel-macos-x86_64 3042.82.1 OK
r-oldrel-windows-ix86+x86_64 3042.82.1 34.00 288.00 322.00 OK

Check Details

Version: 3042.82.1
Check: LazyData
Result: NOTE
     'LazyData' is specified without a 'data' directory
Flavors: r-devel-linux-x86_64-debian-clang, r-devel-linux-x86_64-debian-gcc, r-devel-linux-x86_64-fedora-clang, r-devel-linux-x86_64-fedora-gcc, r-devel-windows-x86_64-new-UL, r-devel-windows-x86_64-new-TK, r-devel-windows-x86_64-old, r-patched-linux-x86_64, r-release-linux-x86_64, r-release-macos-arm64, r-release-macos-x86_64, r-release-windows-ix86+x86_64