CRAN Package Check Results for Package ez

Last updated on 2021-09-22 23:49:54 CEST.

Flavor Version Tinstall Tcheck Ttotal Status Flags
r-devel-linux-x86_64-debian-clang 4.4-0 16.13 156.26 172.39 OK
r-devel-linux-x86_64-debian-gcc 4.4-0 11.85 108.78 120.63 OK
r-devel-linux-x86_64-fedora-clang 4.4-0 197.29 OK
r-devel-linux-x86_64-fedora-gcc 4.4-0 186.61 OK
r-devel-windows-x86_64 4.4-0 19.00 125.00 144.00 OK
r-devel-windows-x86_64-gcc10-UCRT 4.4-0 ERROR
r-patched-linux-x86_64 4.4-0 16.05 136.81 152.86 OK
r-patched-solaris-x86 4.4-0 262.30 OK
r-release-linux-x86_64 4.4-0 12.84 142.32 155.16 OK
r-release-macos-arm64 4.4-0 OK
r-release-macos-x86_64 4.4-0 OK
r-release-windows-ix86+x86_64 4.4-0 36.00 121.00 157.00 OK
r-oldrel-macos-x86_64 4.4-0 OK
r-oldrel-windows-ix86+x86_64 4.4-0 25.00 122.00 147.00 OK

Check Details

Version: 4.4-0
Check: PDF version of manual
Result: WARN
    LaTeX errors when creating PDF version.
    This typically indicates Rd problems.
Flavor: r-devel-windows-x86_64-gcc10-UCRT

Version: 4.4-0
Check: PDF version of manual without hyperrefs or index
Result: ERROR
    Re-running with no redirection of stdout/stderr.
Flavor: r-devel-windows-x86_64-gcc10-UCRT