CRAN Package Check Results for Package eyetrackingR

Last updated on 2023-05-29 00:59:33 CEST.

Flavor Version Tinstall Tcheck Ttotal Status Flags
r-devel-linux-x86_64-debian-clang 0.2.0 9.36 523.06 532.42 NOTE
r-devel-linux-x86_64-debian-gcc 0.2.0 8.61 388.38 396.99 NOTE
r-devel-linux-x86_64-fedora-clang 0.2.0 630.06 NOTE
r-devel-linux-x86_64-fedora-gcc 0.2.0 625.54 NOTE
r-devel-windows-x86_64 0.2.0 9.00 354.00 363.00 NOTE
r-patched-linux-x86_64 0.2.0 8.77 501.72 510.49 NOTE
r-release-linux-x86_64 0.2.0 6.57 500.00 506.57 NOTE
r-release-macos-arm64 0.2.0 185.00 NOTE
r-release-macos-x86_64 0.2.0 322.00 NOTE
r-release-windows-x86_64 0.2.0 12.00 486.00 498.00 NOTE
r-oldrel-macos-arm64 0.2.0 156.00 NOTE
r-oldrel-macos-x86_64 0.2.0 318.00 NOTE
r-oldrel-windows-x86_64 0.2.0 14.00 482.00 496.00 NOTE

Check Details

Version: 0.2.0
Check: package subdirectories
Result: NOTE
    Problems with news in ‘NEWS.md’:
    No news entries found.
Flavors: r-devel-linux-x86_64-debian-clang, r-devel-linux-x86_64-debian-gcc, r-devel-linux-x86_64-fedora-clang, r-devel-linux-x86_64-fedora-gcc, r-devel-windows-x86_64, r-patched-linux-x86_64, r-release-linux-x86_64, r-release-macos-arm64, r-release-macos-x86_64, r-release-windows-x86_64

Version: 0.2.0
Check: dependencies in R code
Result: NOTE
    Namespace in Imports field not imported from: ‘rlang’
     All declared Imports should be used.
Flavors: r-devel-linux-x86_64-fedora-clang, r-devel-linux-x86_64-fedora-gcc, r-oldrel-macos-arm64, r-oldrel-macos-x86_64

Version: 0.2.0
Check: package dependencies
Result: NOTE
    Package suggested but not available for checking: 'doMC'
Flavors: r-devel-windows-x86_64, r-release-windows-x86_64, r-oldrel-windows-x86_64