CRAN Package Check Results for Package eyelinkReader

Last updated on 2024-06-19 00:49:27 CEST.

Flavor Version Tinstall Tcheck Ttotal Status Flags
r-devel-linux-x86_64-debian-clang 1.0.1 53.85 83.77 137.62 NOTE
r-devel-linux-x86_64-debian-gcc 1.0.1 31.49 60.81 92.30 NOTE
r-devel-linux-x86_64-fedora-clang 1.0.1 190.94 NOTE
r-devel-linux-x86_64-fedora-gcc 1.0.1 183.22 NOTE
r-devel-windows-x86_64 1.0.1 39.00 102.00 141.00 NOTE
r-patched-linux-x86_64 1.0.1 37.22 79.93 117.15 NOTE
r-release-linux-x86_64 1.0.1 33.11 80.29 113.40 NOTE
r-release-macos-arm64 1.0.1 52.00 NOTE
r-release-macos-x86_64 1.0.1 72.00 NOTE
r-release-windows-x86_64 1.0.1 41.00 102.00 143.00 NOTE
r-oldrel-macos-arm64 1.0.1 57.00 OK
r-oldrel-macos-x86_64 1.0.1 90.00 OK
r-oldrel-windows-x86_64 1.0.1 51.00 120.00 171.00 OK

Check Details

Version: 1.0.1
Check: Rd files
Result: NOTE checkRd: (-1) read_edf.Rd:32: Lost braces 32 | code{TRUE}} | ^ checkRd: (-1) read_edf.Rd:35: Lost braces 35 | code{TRUE}} | ^ Flavors: r-devel-linux-x86_64-debian-clang, r-devel-linux-x86_64-debian-gcc, r-devel-linux-x86_64-fedora-clang, r-devel-linux-x86_64-fedora-gcc, r-devel-windows-x86_64, r-patched-linux-x86_64, r-release-linux-x86_64, r-release-macos-arm64, r-release-macos-x86_64, r-release-windows-x86_64