CRAN Package Check Results for Package extremevalues

Last updated on 2021-05-15 23:49:12 CEST.

Flavor Version Tinstall Tcheck Ttotal Status Flags
r-devel-linux-x86_64-debian-clang 2.3.3 5.37 51.87 57.24 OK
r-devel-linux-x86_64-debian-gcc 2.3.3 4.68 42.29 46.97 OK
r-devel-linux-x86_64-fedora-clang 2.3.3 83.20 OK
r-devel-linux-x86_64-fedora-gcc 2.3.3 70.82 OK
r-devel-windows-ix86+x86_64 2.3.3 12.00 54.00 66.00 OK
r-devel-windows-x86_64-gcc10-UCRT 2.3.3 OK
r-patched-linux-x86_64 2.3.3 5.64 51.52 57.16 OK
r-patched-solaris-x86 2.3.3 110.40 OK
r-release-linux-x86_64 2.3.3 6.18 50.02 56.20 OK
r-release-macos-x86_64 2.3.3 OK
r-release-windows-ix86+x86_64 2.3.3 9.00 70.00 79.00 OK
r-oldrel-macos-x86_64 2.3.3 WARN
r-oldrel-windows-ix86+x86_64 2.3.3 7.00 65.00 72.00 OK

Check Details

Version: 2.3.3
Check: dependencies in R code
Result: NOTE
    No protocol specified
    No protocol specified
Flavor: r-oldrel-macos-x86_64

Version: 2.3.3
Check: S3 generic/method consistency
Result: WARN
    No protocol specified
    No protocol specified
    See section ‘Generic functions and methods’ in the ‘Writing R
    Extensions’ manual.
Flavor: r-oldrel-macos-x86_64

Version: 2.3.3
Check: replacement functions
Result: WARN
    No protocol specified
    No protocol specified
    The argument of a replacement function which corresponds to the right
    hand side must be named ‘value’.
Flavor: r-oldrel-macos-x86_64

Version: 2.3.3
Check: foreign function calls
Result: NOTE
    No protocol specified
    No protocol specified
    See chapter ‘System and foreign language interfaces’ in the ‘Writing R
    Extensions’ manual.
Flavor: r-oldrel-macos-x86_64

Version: 2.3.3
Check: R code for possible problems
Result: NOTE
    No protocol specified
    No protocol specified
Flavor: r-oldrel-macos-x86_64

Version: 2.3.3
Check: for missing documentation entries
Result: WARN
    No protocol specified
    No protocol specified
    All user-level objects in a package should have documentation entries.
    See chapter ‘Writing R documentation files’ in the ‘Writing R
    Extensions’ manual.
Flavor: r-oldrel-macos-x86_64

Version: 2.3.3
Check: for code/documentation mismatches
Result: WARN
    No protocol specified
    No protocol specified
    No protocol specified
    No protocol specified
    No protocol specified
    No protocol specified
Flavor: r-oldrel-macos-x86_64

Version: 2.3.3
Check: Rd \usage sections
Result: NOTE
    No protocol specified
    No protocol specified
    The \usage entries for S3 methods should use the \method markup and not
    their full name.
    See chapter ‘Writing R documentation files’ in the ‘Writing R
    Extensions’ manual.
Flavor: r-oldrel-macos-x86_64