CRAN Package Check Results for Package extRatum

Last updated on 2024-06-13 00:55:13 CEST.

Flavor Version Tinstall Tcheck Ttotal Status Flags
r-devel-linux-x86_64-debian-clang 1.0.4 5.05 41.10 46.15 OK
r-devel-linux-x86_64-debian-gcc 1.0.4 0.34 1.74 2.08 ERROR
r-devel-linux-x86_64-fedora-clang 1.0.4 58.45 OK
r-devel-linux-x86_64-fedora-gcc 1.0.4 52.94 OK
r-devel-windows-x86_64 1.0.4 5.00 51.00 56.00 OK
r-patched-linux-x86_64 1.0.4 3.94 38.37 42.31 OK
r-release-linux-x86_64 1.0.4 2.99 37.98 40.97 OK
r-release-macos-arm64 1.0.4 23.00 OK
r-release-macos-x86_64 1.0.4 30.00 OK
r-release-windows-x86_64 1.0.4 7.00 53.00 60.00 OK
r-oldrel-macos-arm64 1.0.4 21.00 OK
r-oldrel-macos-x86_64 1.0.4 30.00 OK
r-oldrel-windows-x86_64 1.0.4 7.00 58.00 65.00 OK

Check Details

Version: 1.0.4
Check: package dependencies
Result: ERROR Packages required but not available: 'dplyr', 'tidyr' See section ‘The DESCRIPTION file’ in the ‘Writing R Extensions’ manual. Flavor: r-devel-linux-x86_64-debian-gcc