CRAN Package Check Results for Package expectreg

Last updated on 2021-10-19 23:52:54 CEST.

Flavor Version Tinstall Tcheck Ttotal Status Flags
r-devel-linux-x86_64-debian-clang 0.51 50.28 199.23 249.51 OK
r-devel-linux-x86_64-debian-gcc 0.51 41.08 148.88 189.96 OK
r-devel-linux-x86_64-fedora-clang 0.51 324.37 NOTE
r-devel-linux-x86_64-fedora-gcc 0.51 308.07 OK
r-devel-windows-x86_64 0.51 76.00 268.00 344.00 OK
r-devel-windows-x86_64-gcc10-UCRT 0.51 OK
r-patched-linux-x86_64 0.51 43.44 186.21 229.65 OK
r-patched-solaris-x86 0.51 372.90 OK
r-release-linux-x86_64 0.51 41.30 190.01 231.31 OK
r-release-macos-arm64 0.51 NOTE
r-release-macos-x86_64 0.51 NOTE
r-release-windows-ix86+x86_64 0.51 94.00 370.00 464.00 OK
r-oldrel-macos-x86_64 0.51 NOTE
r-oldrel-windows-ix86+x86_64 0.51 130.00 343.00 473.00 OK

Check Details

Version: 0.51
Check: installed package size
Result: NOTE
     installed size is 8.2Mb
     sub-directories of 1Mb or more:
     libs 6.8Mb
Flavors: r-devel-linux-x86_64-fedora-clang, r-release-macos-arm64, r-release-macos-x86_64, r-oldrel-macos-x86_64