Last updated on 2023-01-26 23:55:49 CET.
Flavor | Version | Tinstall | Tcheck | Ttotal | Status | Flags |
---|---|---|---|---|---|---|
r-devel-linux-x86_64-debian-clang | 1.4-2 | 5.04 | 45.17 | 50.21 | OK | |
r-devel-linux-x86_64-debian-gcc | 1.4-2 | 3.91 | 35.25 | 39.16 | OK | |
r-devel-linux-x86_64-fedora-clang | 1.4-2 | 64.39 | NOTE | |||
r-devel-linux-x86_64-fedora-gcc | 1.4-2 | 73.77 | OK | |||
r-devel-windows-x86_64 | 1.4-2 | 14.00 | 82.00 | 96.00 | OK | |
r-patched-linux-x86_64 | 1.4-2 | 9.41 | 45.86 | 55.27 | OK | |
r-release-linux-x86_64 | 1.4-2 | 3.43 | 44.83 | 48.26 | OK | |
r-release-macos-arm64 | 1.4-2 | 25.00 | OK | |||
r-release-macos-x86_64 | 1.4-2 | 47.00 | OK | |||
r-release-windows-x86_64 | 1.4-2 | 8.00 | 83.00 | 91.00 | OK | |
r-oldrel-macos-arm64 | 1.4-2 | 35.00 | OK | |||
r-oldrel-macos-x86_64 | 1.4-2 | 32.00 | OK | |||
r-oldrel-windows-ix86+x86_64 | 1.4-2 | 10.00 | 70.00 | 80.00 | OK |
Version: 1.4-2
Check: Rd cross-references
Result: NOTE
Undeclared package ‘exact2x2’ in Rd xrefs
Flavor: r-devel-linux-x86_64-fedora-clang