CRAN Package Check Results for Package evobiR

Last updated on 2021-10-18 23:49:30 CEST.

Flavor Version Tinstall Tcheck Ttotal Status Flags
r-devel-linux-x86_64-debian-clang 1.1 10.58 94.10 104.68 NOTE
r-devel-linux-x86_64-debian-gcc 1.1 8.88 72.96 81.84 NOTE
r-devel-linux-x86_64-fedora-clang 1.1 135.61 NOTE
r-devel-linux-x86_64-fedora-gcc 1.1 125.55 NOTE
r-devel-windows-x86_64 1.1 18.00 123.00 141.00 OK
r-devel-windows-x86_64-gcc10-UCRT 1.1 OK
r-patched-linux-x86_64 1.1 10.48 92.55 103.03 NOTE
r-patched-solaris-x86 1.1 180.20 NOTE
r-release-linux-x86_64 1.1 10.68 92.91 103.59 NOTE
r-release-macos-arm64 1.1 OK
r-release-macos-x86_64 1.1 OK
r-release-windows-ix86+x86_64 1.1 18.00 118.00 136.00 OK
r-oldrel-macos-x86_64 1.1 OK
r-oldrel-windows-ix86+x86_64 1.1 27.00 128.00 155.00 OK

Check Details

Version: 1.1
Check: for non-standard things in the check directory
Result: NOTE
    Found the following files/directories:
     'sample .nwk'
Flavors: r-devel-linux-x86_64-debian-clang, r-devel-linux-x86_64-debian-gcc, r-devel-linux-x86_64-fedora-clang, r-devel-linux-x86_64-fedora-gcc, r-patched-linux-x86_64, r-patched-solaris-x86, r-release-linux-x86_64