CRAN Package Check Results for Package evmix

Last updated on 2021-11-28 23:50:26 CET.

Flavor Version Tinstall Tcheck Ttotal Status Flags
r-devel-linux-x86_64-debian-clang 2.12 OK
r-devel-linux-x86_64-debian-gcc 2.12 25.41 142.65 168.06 OK
r-devel-linux-x86_64-fedora-clang 2.12 286.40 NOTE
r-devel-linux-x86_64-fedora-gcc 2.12 273.51 OK
r-devel-windows-x86_64-new-UL 2.12 57.00 213.00 270.00 OK
r-devel-windows-x86_64-new-TK 2.12 OK
r-devel-windows-x86_64-old 2.12 35.00 194.00 229.00 OK
r-patched-linux-x86_64 2.12 36.51 190.95 227.46 OK
r-patched-solaris-x86 2.12 275.00 NOTE
r-release-linux-x86_64 2.12 28.40 192.40 220.80 OK
r-release-macos-arm64 2.12 NOTE
r-release-macos-x86_64 2.12 OK
r-release-windows-ix86+x86_64 2.12 52.00 147.00 199.00 OK
r-oldrel-macos-x86_64 2.12 OK
r-oldrel-windows-ix86+x86_64 2.12 30.00 187.00 217.00 OK

Check Details

Version: 2.12
Check: Rd cross-references
Result: NOTE
    Undeclared packages ‘ks’, ‘evd’, ‘ismev’, ‘mixtools’, ‘evir’, ‘smoothtail’ in Rd xrefs
Flavor: r-devel-linux-x86_64-fedora-clang

Version: 2.12
Check: installed package size
Result: NOTE
     installed size is 5.3Mb
     sub-directories of 1Mb or more:
     R 1.3Mb
     doc 3.1Mb
Flavors: r-patched-solaris-x86, r-release-macos-arm64