CRAN Package Check Results for Package evdbayes

Last updated on 2022-01-21 23:48:46 CET.

Flavor Version Tinstall Tcheck Ttotal Status Flags
r-devel-linux-x86_64-debian-clang 1.1-1 3.93 40.59 44.52 NOTE
r-devel-linux-x86_64-debian-gcc 1.1-1 3.28 31.11 34.39 NOTE
r-devel-linux-x86_64-fedora-clang 1.1-1 55.13 NOTE
r-devel-linux-x86_64-fedora-gcc 1.1-1 43.33 NOTE
r-devel-windows-x86_64-new-UL 1.1-1 29.00 54.00 83.00 NOTE
r-devel-windows-x86_64-new-TK 1.1-1 NOTE
r-patched-linux-x86_64 1.1-1 3.83 39.06 42.89 NOTE
r-release-linux-x86_64 1.1-1 3.43 40.28 43.71 NOTE
r-release-macos-arm64 1.1-1 NOTE
r-release-macos-x86_64 1.1-1 NOTE
r-release-windows-ix86+x86_64 1.1-1 11.00 38.00 49.00 NOTE
r-oldrel-macos-x86_64 1.1-1 NOTE
r-oldrel-windows-ix86+x86_64 1.1-1 8.00 40.00 48.00 NOTE

Check Details

Version: 1.1-1
Check: R code for possible problems
Result: NOTE
    mposterior: no visible global function definition for 'optim'
    rl.pred: no visible global function definition for 'matplot'
    rl.pst: no visible binding for global variable 'quantile'
    rl.pst: no visible global function definition for 'matplot'
    Undefined global functions or variables:
     matplot optim quantile
    Consider adding
     importFrom("graphics", "matplot")
     importFrom("stats", "optim", "quantile")
    to your NAMESPACE file.
Flavors: r-devel-linux-x86_64-debian-clang, r-devel-linux-x86_64-debian-gcc, r-devel-linux-x86_64-fedora-clang, r-devel-linux-x86_64-fedora-gcc, r-devel-windows-x86_64-new-UL, r-devel-windows-x86_64-new-TK, r-patched-linux-x86_64, r-release-linux-x86_64, r-release-macos-arm64, r-release-macos-x86_64, r-release-windows-ix86+x86_64, r-oldrel-macos-x86_64, r-oldrel-windows-ix86+x86_64

Version: 1.1-1
Check: compiled code
Result: NOTE
    File ‘evdbayes/libs/evdbayes.so’:
     Found no calls to: ‘R_registerRoutines’, ‘R_useDynamicSymbols’
    
    It is good practice to register native routines and to disable symbol
    search.
    
    See ‘Writing portable packages’ in the ‘Writing R Extensions’ manual.
Flavors: r-devel-linux-x86_64-fedora-clang, r-devel-linux-x86_64-fedora-gcc