CRAN Package Check Results for Package evaluator

Last updated on 2021-06-22 23:50:31 CEST.

Flavor Version Tinstall Tcheck Ttotal Status Flags
r-devel-linux-x86_64-debian-clang 0.4.2 9.91 211.46 221.37 OK
r-devel-linux-x86_64-debian-gcc 0.4.2 8.22 148.27 156.49 OK
r-devel-linux-x86_64-fedora-clang 0.4.2 256.22 OK
r-devel-linux-x86_64-fedora-gcc 0.4.2 250.93 OK
r-devel-windows-x86_64 0.4.2 15.00 220.00 235.00 OK
r-devel-windows-x86_64-gcc10-UCRT 0.4.2 ERROR
r-patched-linux-x86_64 0.4.2 8.06 195.07 203.13 OK
r-patched-solaris-x86 0.4.2 208.90 OK
r-release-linux-x86_64 0.4.2 7.76 196.62 204.38 OK
r-release-macos-arm64 0.4.2 OK
r-release-macos-x86_64 0.4.2 OK
r-release-windows-ix86+x86_64 0.4.2 16.00 176.00 192.00 OK
r-oldrel-macos-x86_64 0.4.2 OK

Check Details

Version: 0.4.2
Check: package dependencies
Result: NOTE
    Packages suggested but not available for checking:
     'covr', 'ggalt', 'shinytest'
Flavor: r-devel-windows-x86_64-gcc10-UCRT

Version: 0.4.2
Check: tests
Result: ERROR
     Running 'spelling.R'
     Running 'testthat.R'
    Running the tests in 'tests/testthat.R' failed.
    Last 13 lines of output:
     == Failed tests ================================================================
     -- Error (test-explore-scenarios.R:4:1): (code run outside of `test_that()`) ---
     Error: there is no package called 'shinytest'
     Backtrace:
     x
     1. \-base::library(shinytest) test-explore-scenarios.R:4:0
     -- Error (test-openfair-example.R:3:1): (code run outside of `test_that()`) ----
     Error: there is no package called 'shinytest'
     Backtrace:
     x
     1. \-base::library(shinytest) test-openfair-example.R:3:0
    
     [ FAIL 2 | WARN 1 | SKIP 3 | PASS 138 ]
     Error: Test failures
     Execution halted
Flavor: r-devel-windows-x86_64-gcc10-UCRT