CRAN Package Check Results for Package evaluate

Last updated on 2021-12-03 23:49:56 CET.

Flavor Version Tinstall Tcheck Ttotal Status Flags
r-devel-linux-x86_64-debian-clang 0.14 2.38 27.41 29.79 OK
r-devel-linux-x86_64-debian-gcc 0.14 1.65 21.73 23.38 OK
r-devel-linux-x86_64-fedora-clang 0.14 47.54 OK
r-devel-linux-x86_64-fedora-gcc 0.14 37.43 OK
r-devel-windows-x86_64-new-UL 0.14 13.00 62.00 75.00 OK
r-devel-windows-x86_64-new-TK 0.14 OK
r-devel-windows-x86_64-old 0.14 6.00 33.00 39.00 OK
r-patched-linux-x86_64 0.14 2.55 27.23 29.78 OK
r-release-linux-x86_64 0.14 2.44 26.37 28.81 OK
r-release-macos-arm64 0.14 OK
r-release-macos-x86_64 0.14 OK
r-release-windows-ix86+x86_64 0.14 8.00 43.00 51.00 OK
r-oldrel-macos-x86_64 0.14 ERROR
r-oldrel-windows-ix86+x86_64 0.14 27.00 43.00 70.00 OK

Check Details

Version: 0.14
Check: tests
Result: ERROR
     Running ‘test-all.R’ [3s/5s]
    Running the tests in ‘tests/test-all.R’ failed.
    Last 13 lines of output:
     [1] 5 - 4 == 1
    
     ── 4. Failure: ggplot2 plots in a single expression are captured (@test-graphics
     `x` not equal to `expected`.
     Lengths differ: 5 is not 4
    
     ══ testthat results ═══════════════════════════════════════════════════════════
     [ OK: 49 | SKIPPED: 1 | WARNINGS: 0 | FAILED: 4 ]
     1. Failure: ggplot is captured (@test-graphics.r#13)
     2. Failure: ggplot is captured (@test-graphics.r#15)
     3. Failure: ggplot2 plots in a single expression are captured (@test-graphics.r#47)
     4. Failure: ggplot2 plots in a single expression are captured (@test-graphics.r#49)
    
     Error: testthat unit tests failed
     Execution halted
Flavor: r-oldrel-macos-x86_64