CRAN Package Check Results for Package eulerr

Last updated on 2022-01-18 23:47:43 CET.

Flavor Version Tinstall Tcheck Ttotal Status Flags
r-devel-linux-x86_64-debian-clang 6.1.1 71.90 79.97 151.87 OK
r-devel-linux-x86_64-debian-gcc 6.1.1 53.04 62.04 115.08 OK
r-devel-linux-x86_64-fedora-clang 6.1.1 209.57 OK
r-devel-linux-x86_64-fedora-gcc 6.1.1 181.78 OK
r-devel-windows-x86_64-new-UL 6.1.1 108.00 135.00 243.00 OK
r-devel-windows-x86_64-new-TK 6.1.1 OK
r-patched-linux-x86_64 6.1.1 60.76 80.31 141.07 OK
r-release-linux-x86_64 6.1.1 OK
r-release-macos-arm64 6.1.1 NOTE
r-release-macos-x86_64 6.1.1 NOTE
r-release-windows-ix86+x86_64 6.1.1 171.00 140.00 311.00 OK
r-oldrel-macos-x86_64 6.1.1 NOTE
r-oldrel-windows-ix86+x86_64 6.1.1 171.00 139.00 310.00 OK

Check Details

Version: 6.1.1
Check: installed package size
Result: NOTE
     installed size is 5.7Mb
     sub-directories of 1Mb or more:
     doc 1.1Mb
     libs 3.7Mb
Flavors: r-release-macos-arm64, r-release-macos-x86_64, r-oldrel-macos-x86_64