CRAN Package Check Results for Package eudract

Last updated on 2024-06-14 00:53:41 CEST.

Flavor Version Tinstall Tcheck Ttotal Status Flags
r-devel-linux-x86_64-debian-clang 1.0.0 8.41 95.39 103.80 OK
r-devel-linux-x86_64-debian-gcc 1.0.0 0.56 1.69 2.25 ERROR
r-devel-linux-x86_64-fedora-clang 1.0.0 127.62 OK
r-devel-linux-x86_64-fedora-gcc 1.0.0 131.01 OK
r-devel-windows-x86_64 1.0.0 7.00 84.00 91.00 OK
r-patched-linux-x86_64 1.0.0 7.71 89.03 96.74 OK
r-release-linux-x86_64 1.0.0 5.46 90.39 95.85 OK
r-release-macos-arm64 1.0.0 46.00 OK
r-release-macos-x86_64 1.0.0 65.00 OK
r-release-windows-x86_64 1.0.0 8.00 87.00 95.00 OK
r-oldrel-macos-arm64 1.0.0 48.00 OK
r-oldrel-macos-x86_64 1.0.0 121.00 OK
r-oldrel-windows-x86_64 1.0.0 9.00 101.00 110.00 OK

Check Details

Version: 1.0.0
Check: package dependencies
Result: ERROR Packages required but not available: 'dplyr', 'ggplot2', 'patchwork', 'tidyr' Packages suggested but not available for checking: 'stringr', 'testthat', 'vdiffr' See section ‘The DESCRIPTION file’ in the ‘Writing R Extensions’ manual. Flavor: r-devel-linux-x86_64-debian-gcc